Last updated on 2024-07-17 20:56:59 CEST.
Flavor | Version | Tinstall | Tcheck | Ttotal | Status | Flags |
---|---|---|---|---|---|---|
r-devel-linux-x86_64-debian-clang | 17.0.0 | 5.38 | 54.77 | 60.15 | NOTE | |
r-devel-linux-x86_64-debian-gcc | 17.0.0 | 4.39 | 40.51 | 44.90 | NOTE | |
r-devel-linux-x86_64-fedora-clang | 17.0.0 | 79.26 | NOTE | |||
r-devel-linux-x86_64-fedora-gcc | 17.0.0 | 73.39 | NOTE | |||
r-devel-windows-x86_64 | 17.0.0 | 7.00 | 64.00 | 71.00 | NOTE | |
r-patched-linux-x86_64 | 17.0.0 | 7.97 | 51.51 | 59.48 | NOTE | |
r-release-linux-x86_64 | 17.0.0 | 6.29 | 51.79 | 58.08 | NOTE | |
r-release-macos-arm64 | 17.0.0 | 24.00 | NOTE | |||
r-release-macos-x86_64 | 17.0.0 | 39.00 | NOTE | |||
r-release-windows-x86_64 | 17.0.0 | 6.00 | 65.00 | 71.00 | NOTE | |
r-oldrel-macos-arm64 | 17.0.0 | 24.00 | OK | |||
r-oldrel-macos-x86_64 | 17.0.0 | 54.00 | OK | |||
r-oldrel-windows-x86_64 | 17.0.0 | 8.00 | 75.00 | 83.00 | OK |
Version: 17.0.0
Check: Rd files
Result: NOTE
checkRd: (-1) fbad_copy_ad.Rd:25: Lost braces; missing escapes or markup?
25 | \item{status_option}{(string) enum {ACTIVE, PAUSED, INHERITED_FROM_SOURCE}}
| ^
checkRd: (-1) fbad_copy_ad.Rd:27: Lost braces; missing escapes or markup?
27 | \item{rename_strategy}{(string) enum {DEEP_RENAME, ONLY_TOP_LEVEL_RENAME, NO_RENAME}}
| ^
checkRd: (-1) fbad_copy_adset.Rd:34: Lost braces; missing escapes or markup?
34 | \item{status_option}{(string) enum {ACTIVE, PAUSED, INHERITED_FROM_SOURCE}}
| ^
checkRd: (-1) fbad_copy_adset.Rd:36: Lost braces; missing escapes or markup?
36 | \item{rename_strategy}{(string) enum {DEEP_RENAME, ONLY_TOP_LEVEL_RENAME, NO_RENAME}}
| ^
checkRd: (-1) fbad_copy_campaign.Rd:31: Lost braces; missing escapes or markup?
31 | \item{status_option}{(string) enum {ACTIVE, PAUSED, INHERITED_FROM_SOURCE}}
| ^
checkRd: (-1) fbad_copy_campaign.Rd:33: Lost braces; missing escapes or markup?
33 | \item{rename_strategy}{(string) enum {DEEP_RENAME, ONLY_TOP_LEVEL_RENAME, NO_RENAME}}
| ^
Flavors: r-devel-linux-x86_64-debian-clang, r-devel-linux-x86_64-debian-gcc, r-devel-linux-x86_64-fedora-clang, r-devel-linux-x86_64-fedora-gcc, r-devel-windows-x86_64, r-patched-linux-x86_64, r-release-linux-x86_64, r-release-macos-arm64, r-release-macos-x86_64, r-release-windows-x86_64