Last updated on 2024-03-28 19:48:31 CET.
Flavor | Version | Tinstall | Tcheck | Ttotal | Status | Flags |
---|---|---|---|---|---|---|
r-devel-linux-x86_64-debian-clang | 1.2.1 | 10.69 | 303.17 | 313.86 | NOTE | |
r-devel-linux-x86_64-debian-gcc | 1.2.1 | 10.38 | 227.35 | 237.73 | NOTE | |
r-devel-linux-x86_64-fedora-clang | 1.2.1 | 404.20 | NOTE | |||
r-devel-linux-x86_64-fedora-gcc | 1.2.1 | 407.54 | NOTE | |||
r-devel-windows-x86_64 | 1.2.1 | 21.00 | 297.00 | 318.00 | NOTE | |
r-patched-linux-x86_64 | 1.2.1 | 9.95 | 292.10 | 302.05 | NOTE | |
r-release-linux-x86_64 | 1.2.1 | 8.23 | 298.37 | 306.60 | OK | |
r-release-macos-arm64 | 1.2.1 | 116.00 | OK | |||
r-release-macos-x86_64 | 1.2.1 | 258.00 | OK | |||
r-release-windows-x86_64 | 1.2.1 | 27.00 | 367.00 | 394.00 | OK | |
r-oldrel-macos-arm64 | 1.2.1 | 119.00 | OK | |||
r-oldrel-windows-x86_64 | 1.2.1 | 28.00 | 360.00 | 388.00 | OK |
Version: 1.2.1
Check: Rd files
Result: NOTE
checkRd: (-1) fh_bounds.Rd:14: Lost braces
14 | \item{params1}{Arguments to pass to the r{dist} function for distribution 1}
| ^
checkRd: (-1) fh_bounds.Rd:16: Lost braces
16 | \item{params2}{Arguments to pass to the r{dist} function for distribution 2}
| ^
Flavors: r-devel-linux-x86_64-debian-clang, r-devel-linux-x86_64-debian-gcc, r-devel-linux-x86_64-fedora-clang, r-devel-linux-x86_64-fedora-gcc, r-devel-windows-x86_64, r-patched-linux-x86_64