Last updated on 2024-04-17 20:57:34 CEST.
Flavor | Version | Tinstall | Tcheck | Ttotal | Status | Flags |
---|---|---|---|---|---|---|
r-devel-linux-x86_64-debian-clang | 1.0.2 | 47.83 | 77.84 | 125.67 | OK | |
r-devel-linux-x86_64-debian-gcc | 1.0.2 | 43.88 | 58.75 | 102.63 | OK | |
r-devel-linux-x86_64-fedora-clang | 1.0.2 | 168.02 | NOTE | |||
r-devel-linux-x86_64-fedora-gcc | 1.0.2 | 160.72 | OK | |||
r-prerel-macos-arm64 | 1.0.2 | 66.00 | NOTE | |||
r-prerel-windows-x86_64 | 1.0.2 | 53.00 | 71.00 | 124.00 | NOTE | |
r-patched-linux-x86_64 | 1.0.2 | 48.46 | 73.01 | 121.47 | OK | |
r-release-linux-x86_64 | 1.0.2 | 50.49 | 78.14 | 128.63 | OK | |
r-release-macos-arm64 | 1.0.2 | 79.00 | NOTE | |||
r-release-macos-x86_64 | 1.0.2 | 106.00 | NOTE | |||
r-release-windows-x86_64 | 1.0.2 | 58.00 | 86.00 | 144.00 | NOTE | |
r-oldrel-macos-arm64 | 1.0.2 | 83.00 | NOTE | |||
r-oldrel-windows-x86_64 | 1.0.2 | 63.00 | 94.00 | 157.00 | NOTE |
Version: 1.0.2
Check: installed package size
Result: NOTE
installed size is 15.8Mb
sub-directories of 1Mb or more:
data 15.7Mb
Flavors: r-devel-linux-x86_64-fedora-clang, r-prerel-macos-arm64, r-prerel-windows-x86_64, r-release-macos-arm64, r-release-macos-x86_64, r-release-windows-x86_64, r-oldrel-macos-arm64, r-oldrel-windows-x86_64