CRAN Package Check Results for Package fastplyr

Last updated on 2025-04-14 21:50:45 CEST.

Flavor Version Tinstall Tcheck Ttotal Status Flags
r-devel-linux-x86_64-debian-clang 0.5.1 12.49 92.80 105.29 NOTE
r-devel-linux-x86_64-debian-gcc 0.5.1 8.78 62.12 70.90 NOTE
r-devel-linux-x86_64-fedora-clang 0.5.1 176.34 NOTE
r-devel-linux-x86_64-fedora-gcc 0.5.1 161.04 NOTE
r-devel-windows-x86_64 0.5.1 17.00 104.00 121.00 NOTE
r-patched-linux-x86_64 0.5.1 13.90 88.86 102.76 NOTE
r-release-linux-x86_64 0.5.1 11.23 89.39 100.62 NOTE
r-release-macos-arm64 0.5.1 48.00 NOTE
r-release-macos-x86_64 0.5.1 97.00 NOTE
r-release-windows-x86_64 0.5.1 19.00 105.00 124.00 NOTE
r-oldrel-macos-arm64 0.5.1 52.00 OK
r-oldrel-macos-x86_64 0.5.1 92.00 OK
r-oldrel-windows-x86_64 0.5.1 21.00 127.00 148.00 OK

Check Details

Version: 0.5.1
Check: compiled code
Result: NOTE File ‘fastplyr/libs/fastplyr.so’: Found non-API call to R: ‘Rf_isFrame’ Compiled code should not call non-API entry points in R. See ‘Writing portable packages’ in the ‘Writing R Extensions’ manual, and section ‘Moving into C API compliance’ for issues with the use of non-API entry points. Flavors: r-devel-linux-x86_64-debian-clang, r-devel-linux-x86_64-debian-gcc, r-devel-linux-x86_64-fedora-clang, r-devel-linux-x86_64-fedora-gcc, r-patched-linux-x86_64, r-release-linux-x86_64, r-release-macos-arm64, r-release-macos-x86_64

Version: 0.5.1
Check: compiled code
Result: NOTE File 'fastplyr/libs/x64/fastplyr.dll': Found non-API call to R: 'Rf_isFrame' Compiled code should not call non-API entry points in R. See 'Writing portable packages' in the 'Writing R Extensions' manual, and section 'Moving into C API compliance' for issues with the use of non-API entry points. Flavors: r-devel-windows-x86_64, r-release-windows-x86_64