Last updated on 2024-07-17 20:56:59 CEST.
Flavor | Version | Tinstall | Tcheck | Ttotal | Status | Flags |
---|---|---|---|---|---|---|
r-devel-linux-x86_64-debian-clang | 1.0.0 | 5.21 | 45.16 | 50.37 | NOTE | |
r-devel-linux-x86_64-debian-gcc | 1.0.0 | 5.07 | 34.29 | 39.36 | NOTE | |
r-devel-linux-x86_64-fedora-clang | 1.0.0 | 67.17 | NOTE | |||
r-devel-linux-x86_64-fedora-gcc | 1.0.0 | 63.49 | NOTE | |||
r-devel-windows-x86_64 | 1.0.0 | 8.00 | 61.00 | 69.00 | NOTE | |
r-patched-linux-x86_64 | 1.0.0 | 6.10 | 44.82 | 50.92 | NOTE | |
r-release-linux-x86_64 | 1.0.0 | 3.83 | 44.70 | 48.53 | NOTE | |
r-release-macos-arm64 | 1.0.0 | 23.00 | NOTE | |||
r-release-macos-x86_64 | 1.0.0 | 32.00 | NOTE | |||
r-release-windows-x86_64 | 1.0.0 | 8.00 | 63.00 | 71.00 | NOTE | |
r-oldrel-macos-arm64 | 1.0.0 | 24.00 | NOTE | |||
r-oldrel-macos-x86_64 | 1.0.0 | 34.00 | NOTE | |||
r-oldrel-windows-x86_64 | 1.0.0 | 8.00 | 67.00 | 75.00 | NOTE |
Version: 1.0.0
Check: LazyData
Result: NOTE
'LazyData' is specified without a 'data' directory
Flavors: r-devel-linux-x86_64-debian-clang, r-devel-linux-x86_64-debian-gcc, r-devel-linux-x86_64-fedora-clang, r-devel-linux-x86_64-fedora-gcc, r-devel-windows-x86_64, r-patched-linux-x86_64, r-release-linux-x86_64, r-release-macos-arm64, r-release-macos-x86_64, r-release-windows-x86_64, r-oldrel-macos-arm64, r-oldrel-macos-x86_64, r-oldrel-windows-x86_64