Last updated on 2024-04-18 21:56:50 CEST.
Flavor | Version | Tinstall | Tcheck | Ttotal | Status | Flags |
---|---|---|---|---|---|---|
r-devel-linux-x86_64-debian-clang | 1.2 | 24.92 | 27.31 | 52.23 | NOTE | |
r-devel-linux-x86_64-debian-gcc | 1.2 | 17.36 | 21.51 | 38.87 | NOTE | |
r-devel-linux-x86_64-fedora-clang | 1.2 | 74.42 | NOTE | |||
r-devel-linux-x86_64-fedora-gcc | 1.2 | 70.69 | NOTE | |||
r-prerel-macos-arm64 | 1.2 | 21.00 | NOTE | |||
r-prerel-windows-x86_64 | 1.2 | 20.00 | 63.00 | 83.00 | NOTE | |
r-patched-linux-x86_64 | 1.2 | 25.53 | 26.93 | 52.46 | NOTE | |
r-release-linux-x86_64 | 1.2 | 26.36 | 26.83 | 53.19 | NOTE | |
r-release-macos-arm64 | 1.2 | 23.00 | NOTE | |||
r-release-macos-x86_64 | 1.2 | 37.00 | NOTE | |||
r-release-windows-x86_64 | 1.2 | 24.00 | 67.00 | 91.00 | NOTE | |
r-oldrel-macos-arm64 | 1.2 | 27.00 | OK | |||
r-oldrel-windows-x86_64 | 1.2 | 26.00 | 67.00 | 93.00 | OK |
Version: 1.2
Check: C++ specification
Result: NOTE
Specified C++11: please drop specification unless essential
Flavors: r-devel-linux-x86_64-debian-clang, r-devel-linux-x86_64-debian-gcc, r-devel-linux-x86_64-fedora-clang, r-devel-linux-x86_64-fedora-gcc, r-prerel-macos-arm64, r-prerel-windows-x86_64, r-patched-linux-x86_64, r-release-linux-x86_64, r-release-macos-arm64, r-release-macos-x86_64, r-release-windows-x86_64