Last updated on 2025-02-06 19:49:23 CET.
Flavor | Version | Tinstall | Tcheck | Ttotal | Status | Flags |
---|---|---|---|---|---|---|
r-devel-linux-x86_64-debian-clang | 0.0.3 | 98.14 | 52.11 | 150.25 | NOTE | |
r-devel-linux-x86_64-debian-gcc | 0.0.3 | 82.37 | 48.70 | 131.07 | NOTE | |
r-devel-linux-x86_64-fedora-clang | 0.0.3 | 252.72 | NOTE | |||
r-devel-linux-x86_64-fedora-gcc | 0.0.3 | 329.12 | NOTE | |||
r-devel-windows-x86_64 | 0.0.3 | 101.00 | 103.00 | 204.00 | NOTE | |
r-patched-linux-x86_64 | 0.0.3 | 113.80 | 60.31 | 174.11 | NOTE | |
r-release-linux-x86_64 | 0.0.3 | 120.80 | 59.84 | 180.64 | NOTE | |
r-release-macos-arm64 | 0.0.3 | 81.00 | NOTE | |||
r-release-macos-x86_64 | 0.0.3 | 115.00 | NOTE | |||
r-release-windows-x86_64 | 0.0.3 | 100.00 | 106.00 | 206.00 | NOTE | |
r-oldrel-macos-arm64 | 0.0.3 | 103.00 | NOTE | |||
r-oldrel-macos-x86_64 | 0.0.3 | 151.00 | NOTE | |||
r-oldrel-windows-x86_64 | 0.0.3 | 120.00 | 114.00 | 234.00 | NOTE |
Version: 0.0.3
Check: C++ specification
Result: NOTE
Specified C++11: please drop specification unless essential
Flavors: r-devel-linux-x86_64-debian-clang, r-devel-linux-x86_64-debian-gcc, r-devel-linux-x86_64-fedora-clang, r-devel-linux-x86_64-fedora-gcc, r-devel-windows-x86_64, r-patched-linux-x86_64, r-release-linux-x86_64, r-release-macos-arm64, r-release-macos-x86_64, r-release-windows-x86_64, r-oldrel-macos-arm64, r-oldrel-macos-x86_64, r-oldrel-windows-x86_64
Version: 0.0.3
Check: installed package size
Result: NOTE
installed size is 50.4Mb
sub-directories of 1Mb or more:
libs 50.2Mb
Flavors: r-release-macos-arm64, r-release-macos-x86_64, r-oldrel-macos-arm64, r-oldrel-macos-x86_64