Last updated on 2024-07-17 20:56:59 CEST.
Flavor | Version | Tinstall | Tcheck | Ttotal | Status | Flags |
---|---|---|---|---|---|---|
r-devel-linux-x86_64-debian-clang | 0.6-4 | 3.33 | 22.36 | 25.69 | OK | |
r-devel-linux-x86_64-debian-gcc | 0.6-4 | 2.31 | 17.59 | 19.90 | OK | |
r-devel-linux-x86_64-fedora-clang | 0.6-4 | 33.51 | NOTE | |||
r-devel-linux-x86_64-fedora-gcc | 0.6-4 | 32.69 | NOTE | |||
r-devel-windows-x86_64 | 0.6-4 | 5.00 | 40.00 | 45.00 | OK | |
r-patched-linux-x86_64 | 0.6-4 | 2.91 | 21.46 | 24.37 | OK | |
r-release-linux-x86_64 | 0.6-4 | 2.67 | 21.49 | 24.16 | OK | |
r-release-macos-arm64 | 0.6-4 | 17.00 | OK | |||
r-release-macos-x86_64 | 0.6-4 | 24.00 | OK | |||
r-release-windows-x86_64 | 0.6-4 | 5.00 | 39.00 | 44.00 | OK | |
r-oldrel-macos-arm64 | 0.6-4 | 20.00 | OK | |||
r-oldrel-macos-x86_64 | 0.6-4 | 35.00 | OK | |||
r-oldrel-windows-x86_64 | 0.6-4 | 5.00 | 41.00 | 46.00 | OK |
Version: 0.6-4
Check: compiled code
Result: NOTE
File ‘fastdigest/libs/fastdigest.so’:
Found no call to: ‘R_useDynamicSymbols’
It is good practice to register native routines and to disable symbol
search.
See ‘Writing portable packages’ in the ‘Writing R Extensions’ manual.
Flavors: r-devel-linux-x86_64-fedora-clang, r-devel-linux-x86_64-fedora-gcc