Last updated on 2024-04-23 20:52:03 CEST.
Flavor | Version | Tinstall | Tcheck | Ttotal | Status | Flags |
---|---|---|---|---|---|---|
r-devel-linux-x86_64-debian-clang | 0.2.7 | 47.46 | 35.17 | 82.63 | NOTE | |
r-devel-linux-x86_64-debian-gcc | 0.2.7 | 33.03 | 26.89 | 59.92 | NOTE | |
r-devel-linux-x86_64-fedora-clang | 0.2.7 | 114.05 | NOTE | |||
r-devel-linux-x86_64-fedora-gcc | 0.2.7 | 107.61 | NOTE | |||
r-prerel-macos-arm64 | 0.2.7 | 28.00 | NOTE | |||
r-prerel-windows-x86_64 | 0.2.7 | 37.00 | 72.00 | 109.00 | NOTE | |
r-patched-linux-x86_64 | 0.2.7 | 39.63 | 33.95 | 73.58 | NOTE | |
r-release-linux-x86_64 | 0.2.7 | 40.70 | 33.89 | 74.59 | NOTE | |
r-release-macos-arm64 | 0.2.7 | 33.00 | NOTE | |||
r-release-macos-x86_64 | 0.2.7 | 49.00 | NOTE | |||
r-release-windows-x86_64 | 0.2.7 | 44.00 | 80.00 | 124.00 | NOTE | |
r-oldrel-macos-arm64 | 0.2.7 | 36.00 | OK | |||
r-oldrel-windows-x86_64 | 0.2.7 | 44.00 | 73.00 | 117.00 | OK |
Version: 0.2.7
Check: C++ specification
Result: NOTE
Specified C++11: please drop specification unless essential
Flavors: r-devel-linux-x86_64-debian-clang, r-devel-linux-x86_64-debian-gcc, r-devel-linux-x86_64-fedora-clang, r-devel-linux-x86_64-fedora-gcc, r-prerel-macos-arm64, r-prerel-windows-x86_64, r-patched-linux-x86_64, r-release-linux-x86_64, r-release-macos-arm64, r-release-macos-x86_64, r-release-windows-x86_64
Version: 0.2.7
Check: compiled code
Result: NOTE
File ‘fastcmh/libs/fastcmh.so’:
Found no calls to: ‘R_registerRoutines’, ‘R_useDynamicSymbols’
It is good practice to register native routines and to disable symbol
search.
See ‘Writing portable packages’ in the ‘Writing R Extensions’ manual.
Flavors: r-devel-linux-x86_64-fedora-clang, r-devel-linux-x86_64-fedora-gcc