Last updated on 2024-04-19 20:56:37 CEST.
Flavor | Version | Tinstall | Tcheck | Ttotal | Status | Flags |
---|---|---|---|---|---|---|
r-devel-linux-x86_64-debian-clang | 0.1.1 | 104.05 | 143.79 | 247.84 | NOTE | |
r-devel-linux-x86_64-debian-gcc | 0.1.1 | NOTE | ||||
r-devel-linux-x86_64-fedora-clang | 0.1.1 | 384.61 | NOTE | |||
r-devel-linux-x86_64-fedora-gcc | 0.1.1 | 371.11 | NOTE | |||
r-prerel-macos-arm64 | 0.1.1 | 102.00 | NOTE | |||
r-prerel-windows-x86_64 | 0.1.1 | 89.00 | 148.00 | 237.00 | NOTE | |
r-patched-linux-x86_64 | 0.1.1 | 120.01 | 168.51 | 288.52 | NOTE | |
r-release-linux-x86_64 | 0.1.1 | 104.56 | 178.22 | 282.78 | NOTE | |
r-release-macos-arm64 | 0.1.1 | 116.00 | NOTE | |||
r-release-macos-x86_64 | 0.1.1 | 183.00 | NOTE | |||
r-release-windows-x86_64 | 0.1.1 | 111.00 | 186.00 | 297.00 | NOTE | |
r-oldrel-macos-arm64 | 0.1.1 | 94.00 | OK | |||
r-oldrel-windows-x86_64 | 0.1.1 | 113.00 | 193.00 | 306.00 | OK |
Version: 0.1.1
Check: C++ specification
Result: NOTE
Specified C++11: please drop specification unless essential
Flavors: r-devel-linux-x86_64-debian-clang, r-devel-linux-x86_64-debian-gcc, r-devel-linux-x86_64-fedora-clang, r-devel-linux-x86_64-fedora-gcc, r-prerel-macos-arm64, r-prerel-windows-x86_64, r-patched-linux-x86_64, r-release-linux-x86_64, r-release-macos-arm64, r-release-macos-x86_64, r-release-windows-x86_64