Last updated on 2023-10-03 22:03:27 CEST.
Flavor | Version | Tinstall | Tcheck | Ttotal | Status | Flags |
---|---|---|---|---|---|---|
r-devel-linux-x86_64-debian-clang | 0.1.1 | 108.93 | 196.27 | 305.20 | NOTE | |
r-devel-linux-x86_64-debian-gcc | 0.1.1 | 78.47 | 137.76 | 216.23 | NOTE | |
r-devel-linux-x86_64-fedora-clang | 0.1.1 | 385.28 | NOTE | |||
r-devel-linux-x86_64-fedora-gcc | 0.1.1 | 377.74 | NOTE | |||
r-devel-windows-x86_64 | 0.1.1 | 90.00 | 152.00 | 242.00 | NOTE | |
r-patched-linux-x86_64 | 0.1.1 | 113.13 | 169.23 | 282.36 | NOTE | |
r-release-linux-x86_64 | 0.1.1 | 106.43 | 177.46 | 283.89 | NOTE | |
r-release-macos-arm64 | 0.1.1 | 116.00 | NOTE | |||
r-release-macos-x86_64 | 0.1.1 | 183.00 | NOTE | |||
r-release-windows-x86_64 | 0.1.1 | 113.00 | 189.00 | 302.00 | NOTE | |
r-oldrel-macos-arm64 | 0.1.1 | 94.00 | OK | |||
r-oldrel-macos-x86_64 | 0.1.1 | 131.00 | OK | |||
r-oldrel-windows-x86_64 | 0.1.1 | 111.00 | 194.00 | 305.00 | OK |
Version: 0.1.1
Check: C++ specification
Result: NOTE
Specified C++11: please drop specification unless essential
Flavors: r-devel-linux-x86_64-debian-clang, r-devel-linux-x86_64-debian-gcc, r-devel-linux-x86_64-fedora-clang, r-devel-linux-x86_64-fedora-gcc, r-devel-windows-x86_64, r-patched-linux-x86_64, r-release-linux-x86_64, r-release-macos-arm64, r-release-macos-x86_64, r-release-windows-x86_64