Last updated on 2025-05-08 20:49:35 CEST.
Flavor | Version | Tinstall | Tcheck | Ttotal | Status | Flags |
---|---|---|---|---|---|---|
r-devel-linux-x86_64-debian-clang | 2.2.1 | 12.46 | 86.46 | 98.92 | NOTE | |
r-devel-linux-x86_64-debian-gcc | 2.2.1 | 10.51 | 65.10 | 75.61 | NOTE | |
r-devel-linux-x86_64-fedora-clang | 2.2.1 | 153.21 | OK | |||
r-devel-linux-x86_64-fedora-gcc | 2.2.1 | 161.10 | OK | |||
r-devel-windows-x86_64 | 2.2.1 | 16.00 | 103.00 | 119.00 | OK | |
r-patched-linux-x86_64 | 2.2.1 | 13.49 | 80.53 | 94.02 | OK | |
r-release-linux-x86_64 | 2.2.1 | 13.06 | 80.22 | 93.28 | OK | |
r-release-macos-arm64 | 2.2.1 | 64.00 | OK | |||
r-release-macos-x86_64 | 2.2.1 | 117.00 | OK | |||
r-release-windows-x86_64 | 2.2.1 | 16.00 | 103.00 | 119.00 | OK | |
r-oldrel-macos-arm64 | 2.2.1 | 53.00 | OK | |||
r-oldrel-macos-x86_64 | 2.2.1 | 81.00 | OK | |||
r-oldrel-windows-x86_64 | 2.2.1 | 18.00 | 122.00 | 140.00 | OK |
Version: 2.2.1
Check: CRAN incoming feasibility
Result: NOTE
Maintainer: ‘Martin Skogholt <m.skogholt@gmail.com>’
No Authors@R field in DESCRIPTION.
Please add one, modifying
Authors@R: person(given = "Martin",
family = "Skogholt",
role = c("aut", "cre"),
email = "m.skogholt@gmail.com")
as necessary.
Flavors: r-devel-linux-x86_64-debian-clang, r-devel-linux-x86_64-debian-gcc