Last updated on 2024-06-30 20:49:05 CEST.
Flavor | Version | Tinstall | Tcheck | Ttotal | Status | Flags |
---|---|---|---|---|---|---|
r-devel-linux-x86_64-debian-clang | 2.1.2 | 33.00 | 27.52 | 60.52 | OK | |
r-devel-linux-x86_64-debian-gcc | 2.1.2 | 28.98 | 20.96 | 49.94 | OK | |
r-devel-linux-x86_64-fedora-clang | 2.1.2 | 79.60 | OK | |||
r-devel-linux-x86_64-fedora-gcc | 2.1.2 | 110.58 | OK | |||
r-devel-windows-x86_64 | 2.1.2 | 36.00 | 60.00 | 96.00 | OK | |
r-patched-linux-x86_64 | 2.1.2 | 42.31 | 26.18 | 68.49 | OK | |
r-release-linux-x86_64 | 2.1.2 | 37.94 | 25.77 | 63.71 | OK | |
r-release-macos-arm64 | 2.1.2 | 40.00 | OK | |||
r-release-macos-x86_64 | 2.1.2 | 38.00 | NOTE | |||
r-release-windows-x86_64 | 2.1.2 | 39.00 | 59.00 | 98.00 | OK | |
r-oldrel-macos-arm64 | 2.1.2 | 41.00 | OK | |||
r-oldrel-macos-x86_64 | 2.1.2 | 97.00 | NOTE | |||
r-oldrel-windows-x86_64 | 2.1.2 | 38.00 | 63.00 | 101.00 | OK |
Version: 2.1.2
Check: installed package size
Result: NOTE
installed size is 5.4Mb
sub-directories of 1Mb or more:
help 1.6Mb
libs 3.8Mb
Flavors: r-release-macos-x86_64, r-oldrel-macos-x86_64