CRAN Package Check Results for Package farr

Last updated on 2022-10-05 21:53:33 CEST.

Flavor Version Tinstall Tcheck Ttotal Status Flags
r-devel-linux-x86_64-debian-clang 0.2.27 5.85 59.88 65.73 OK
r-devel-linux-x86_64-debian-gcc 0.2.27 4.62 44.75 49.37 OK
r-devel-linux-x86_64-fedora-clang 0.2.27 91.19 NOTE
r-devel-linux-x86_64-fedora-gcc 0.2.27 94.98 NOTE
r-devel-windows-x86_64 0.2.27 44.00 101.00 145.00 OK
r-patched-linux-x86_64 0.2.27 7.04 54.53 61.57 OK
r-release-linux-x86_64 0.2.27 6.95 54.02 60.97 OK
r-release-macos-arm64 0.2.27 35.00 NOTE
r-release-macos-x86_64 0.2.27 46.00 NOTE
r-release-windows-x86_64 0.2.27 24.00 93.00 117.00 OK
r-oldrel-macos-arm64 0.2.27 33.00 NOTE
r-oldrel-macos-x86_64 0.2.27 53.00 NOTE
r-oldrel-windows-ix86+x86_64 0.2.27 17.00 82.00 99.00 OK

Check Details

Version: 0.2.27
Check: data for non-ASCII characters
Result: NOTE
     Note: found 1430 marked UTF-8 strings
Flavors: r-devel-linux-x86_64-fedora-clang, r-devel-linux-x86_64-fedora-gcc, r-release-macos-arm64, r-release-macos-x86_64, r-oldrel-macos-arm64, r-oldrel-macos-x86_64