Last updated on 2023-11-30 20:48:35 CET.
Flavor | Version | Tinstall | Tcheck | Ttotal | Status | Flags |
---|---|---|---|---|---|---|
r-devel-linux-x86_64-debian-clang | 1.0.0 | 7.56 | 123.26 | 130.82 | NOTE | |
r-devel-linux-x86_64-debian-gcc | 1.0.0 | 6.13 | 80.97 | 87.10 | NOTE | |
r-devel-linux-x86_64-fedora-clang | 1.0.0 | 171.95 | NOTE | |||
r-devel-linux-x86_64-fedora-gcc | 1.0.0 | 175.22 | NOTE | |||
r-devel-windows-x86_64 | 1.0.0 | 8.00 | 119.00 | 127.00 | OK | |
r-patched-linux-x86_64 | 1.0.0 | 5.06 | 121.35 | 126.41 | OK | |
r-release-linux-x86_64 | 1.0.0 | 5.07 | 120.02 | 125.09 | OK | |
r-release-macos-arm64 | 1.0.0 | 53.00 | OK | |||
r-release-macos-x86_64 | 1.0.0 | 134.00 | OK | |||
r-release-windows-x86_64 | 1.0.0 | 10.00 | 116.00 | 126.00 | OK | |
r-oldrel-macos-arm64 | 1.0.0 | 46.00 | OK | |||
r-oldrel-macos-x86_64 | 1.0.0 | 96.00 | OK | |||
r-oldrel-windows-x86_64 | 1.0.0 | 10.00 | 121.00 | 131.00 | OK |
Version: 1.0.0
Check: Rd files
Result: NOTE
checkRd: (-1) fra_sf.Rd:22: Lost braces; missing escapes or markup?
22 | A map of France as {sf} object. Can be used as dataset or for maps
| ^
Flavors: r-devel-linux-x86_64-debian-clang, r-devel-linux-x86_64-debian-gcc
Version: 1.0.0
Check: data for non-ASCII characters
Result: NOTE
Note: found 55 marked UTF-8 strings
Flavors: r-devel-linux-x86_64-fedora-clang, r-devel-linux-x86_64-fedora-gcc