Last updated on 2025-05-06 20:50:40 CEST.
Flavor | Version | Tinstall | Tcheck | Ttotal | Status | Flags |
---|---|---|---|---|---|---|
r-devel-linux-x86_64-debian-clang | 1.0.0 | 6.07 | 72.40 | 78.47 | NOTE | |
r-devel-linux-x86_64-debian-gcc | 1.0.0 | 4.39 | 51.49 | 55.88 | NOTE | |
r-devel-linux-x86_64-fedora-clang | 1.0.0 | 128.24 | NOTE | |||
r-devel-linux-x86_64-fedora-gcc | 1.0.0 | 129.93 | NOTE | |||
r-devel-windows-x86_64 | 1.0.0 | 8.00 | 96.00 | 104.00 | NOTE | |
r-patched-linux-x86_64 | 1.0.0 | 5.58 | 66.49 | 72.07 | NOTE | |
r-release-linux-x86_64 | 1.0.0 | 5.75 | 66.83 | 72.58 | NOTE | |
r-release-macos-arm64 | 1.0.0 | 42.00 | NOTE | |||
r-release-macos-x86_64 | 1.0.0 | 83.00 | NOTE | |||
r-release-windows-x86_64 | 1.0.0 | 9.00 | 87.00 | 96.00 | NOTE | |
r-oldrel-macos-arm64 | 1.0.0 | 51.00 | NOTE | |||
r-oldrel-macos-x86_64 | 1.0.0 | 91.00 | NOTE | |||
r-oldrel-windows-x86_64 | 1.0.0 | 10.00 | 146.00 | 156.00 | NOTE |
Version: 1.0.0
Check: Rd files
Result: NOTE
checkRd: (-1) fra_sf.Rd:22: Lost braces; missing escapes or markup?
22 | A map of France as {sf} object. Can be used as dataset or for maps
| ^
Flavors: r-devel-linux-x86_64-debian-clang, r-devel-linux-x86_64-debian-gcc, r-devel-linux-x86_64-fedora-clang, r-devel-linux-x86_64-fedora-gcc, r-devel-windows-x86_64, r-patched-linux-x86_64, r-release-linux-x86_64, r-release-macos-arm64, r-release-macos-x86_64, r-release-windows-x86_64, r-oldrel-macos-arm64, r-oldrel-macos-x86_64, r-oldrel-windows-x86_64