CRAN Package Check Results for Package fairadapt

Last updated on 2023-01-27 20:49:10 CET.

Flavor Version Tinstall Tcheck Ttotal Status Flags
r-devel-linux-x86_64-debian-clang 0.2.4 9.55 194.57 204.12 OK
r-devel-linux-x86_64-debian-gcc 0.2.4 8.51 145.26 153.77 OK
r-devel-linux-x86_64-fedora-clang 0.2.4 240.54 OK
r-devel-linux-x86_64-fedora-gcc 0.2.4 246.18 OK
r-devel-windows-x86_64 0.2.4 62.00 289.00 351.00 OK
r-patched-linux-x86_64 0.2.4 8.94 184.67 193.61 OK
r-release-linux-x86_64 0.2.4 9.25 179.92 189.17 OK
r-release-macos-arm64 0.2.4 76.00 WARN
r-release-macos-x86_64 0.2.4 115.00 WARN
r-release-windows-x86_64 0.2.4 15.00 297.00 312.00 OK
r-oldrel-macos-arm64 0.2.4 78.00 WARN
r-oldrel-macos-x86_64 0.2.4 115.00 WARN
r-oldrel-windows-ix86+x86_64 0.2.4 21.00 187.00 208.00 OK

Check Details

Version: 0.2.4
Check: re-building of vignette outputs
Result: WARN
    Error(s) in re-building vignettes:
     ...
    --- re-building ‘jss.Rmd’ using rmarkdown
    This is pdfTeX, Version 3.14159265-2.6-1.40.21 (TeX Live 2020) (preloaded format=pdflatex)
     restricted \write18 enabled.
    entering extended mode
    ! LaTeX Error: File `orcidlink.sty' not found.
    
    ! Emergency stop.
    <read *>
    
    Error: processing vignette 'jss.Rmd' failed with diagnostics:
    LaTeX failed to compile /Volumes/Builds/packages/big-sur-arm64/results/4.2/fairadapt.Rcheck/vign_test/fairadapt/vignettes/jss.tex. See https://yihui.org/tinytex/r/#debugging for debugging tips. See jss.log for more info.
    --- failed re-building ‘jss.Rmd’
    
    SUMMARY: processing the following file failed:
     ‘jss.Rmd’
    
    Error: Vignette re-building failed.
    Execution halted
Flavor: r-release-macos-arm64

Version: 0.2.4
Check: re-building of vignette outputs
Result: WARN
    Error(s) in re-building vignettes:
     ...
    --- re-building ‘jss.Rmd’ using rmarkdown
    This is pdfTeX, Version 3.14159265-2.6-1.40.21 (TeX Live 2020) (preloaded format=pdflatex)
     restricted \write18 enabled.
    entering extended mode
    ! LaTeX Error: File `orcidlink.sty' not found.
    
    ! Emergency stop.
    <read *>
    
    Error: processing vignette 'jss.Rmd' failed with diagnostics:
    LaTeX failed to compile /Volumes/Builds/packages/high-sierra-x86_64/results/4.2/fairadapt.Rcheck/vign_test/fairadapt/vignettes/jss.tex. See https://yihui.org/tinytex/r/#debugging for debugging tips. See jss.log for more info.
    --- failed re-building ‘jss.Rmd’
    
    SUMMARY: processing the following file failed:
     ‘jss.Rmd’
    
    Error: Vignette re-building failed.
    Execution halted
Flavor: r-release-macos-x86_64

Version: 0.2.4
Check: re-building of vignette outputs
Result: WARN
    Error(s) in re-building vignettes:
     ...
    --- re-building ‘jss.Rmd’ using rmarkdown
    This is pdfTeX, Version 3.14159265-2.6-1.40.21 (TeX Live 2020) (preloaded format=pdflatex)
     restricted \write18 enabled.
    entering extended mode
    ! LaTeX Error: File `orcidlink.sty' not found.
    
    ! Emergency stop.
    <read *>
    
    Error: processing vignette 'jss.Rmd' failed with diagnostics:
    LaTeX failed to compile /Volumes/Builds/packages/big-sur-arm64/results/4.1/fairadapt.Rcheck/vign_test/fairadapt/vignettes/jss.tex. See https://yihui.org/tinytex/r/#debugging for debugging tips. See jss.log for more info.
    --- failed re-building ‘jss.Rmd’
    
    SUMMARY: processing the following file failed:
     ‘jss.Rmd’
    
    Error: Vignette re-building failed.
    Execution halted
Flavor: r-oldrel-macos-arm64

Version: 0.2.4
Check: re-building of vignette outputs
Result: WARN
    Error(s) in re-building vignettes:
     ...
    --- re-building ‘jss.Rmd’ using rmarkdown
    This is pdfTeX, Version 3.14159265-2.6-1.40.21 (TeX Live 2020) (preloaded format=pdflatex)
     restricted \write18 enabled.
    entering extended mode
    ! LaTeX Error: File `orcidlink.sty' not found.
    
    ! Emergency stop.
    <read *>
    
    Error: processing vignette 'jss.Rmd' failed with diagnostics:
    LaTeX failed to compile /Volumes/Builds/packages/high-sierra-x86_64/results/4.1/fairadapt.Rcheck/vign_test/fairadapt/vignettes/jss.tex. See https://yihui.org/tinytex/r/#debugging for debugging tips. See jss.log for more info.
    --- failed re-building ‘jss.Rmd’
    
    SUMMARY: processing the following file failed:
     ‘jss.Rmd’
    
    Error: Vignette re-building failed.
    Execution halted
Flavor: r-oldrel-macos-x86_64