CRAN Package Check Results for Package factory

Last updated on 2024-07-11 20:49:10 CEST.

Flavor Version Tinstall Tcheck Ttotal Status Flags
r-devel-linux-x86_64-debian-clang 0.1.0 2.53 36.11 38.64 NOTE
r-devel-linux-x86_64-debian-gcc 0.1.0 2.36 27.75 30.11 NOTE
r-devel-linux-x86_64-fedora-clang 0.1.0 51.30 NOTE
r-devel-linux-x86_64-fedora-gcc 0.1.0 63.16 NOTE
r-devel-windows-x86_64 0.1.0 4.00 49.00 53.00 NOTE
r-patched-linux-x86_64 0.1.0 3.05 34.96 38.01 NOTE
r-release-linux-x86_64 0.1.0 1.92 34.33 36.25 NOTE
r-release-macos-arm64 0.1.0 25.00 NOTE
r-release-macos-x86_64 0.1.0 36.00 NOTE
r-release-windows-x86_64 0.1.0 4.00 49.00 53.00 NOTE
r-oldrel-macos-arm64 0.1.0 26.00 NOTE
r-oldrel-macos-x86_64 0.1.0 36.00 NOTE
r-oldrel-windows-x86_64 0.1.0 4.00 52.00 56.00 NOTE

Check Details

Version: 0.1.0
Check: LazyData
Result: NOTE 'LazyData' is specified without a 'data' directory Flavors: r-devel-linux-x86_64-debian-clang, r-devel-linux-x86_64-debian-gcc, r-devel-linux-x86_64-fedora-clang, r-devel-linux-x86_64-fedora-gcc, r-devel-windows-x86_64, r-patched-linux-x86_64, r-release-linux-x86_64, r-release-macos-arm64, r-release-macos-x86_64, r-release-windows-x86_64, r-oldrel-macos-arm64, r-oldrel-macos-x86_64, r-oldrel-windows-x86_64