Last updated on 2025-05-03 21:51:17 CEST.
Flavor | Version | Tinstall | Tcheck | Ttotal | Status | Flags |
---|---|---|---|---|---|---|
r-devel-linux-x86_64-debian-clang | 1.2.3 | 7.16 | 55.97 | 63.13 | NOTE | |
r-devel-linux-x86_64-debian-gcc | 1.2.3 | 5.33 | 41.57 | 46.90 | NOTE | |
r-devel-linux-x86_64-fedora-clang | 1.2.3 | 96.44 | OK | |||
r-devel-linux-x86_64-fedora-gcc | 1.2.3 | 92.78 | OK | |||
r-devel-windows-x86_64 | 1.2.3 | 8.00 | 70.00 | 78.00 | NOTE | |
r-patched-linux-x86_64 | 1.2.3 | 6.51 | 53.87 | 60.38 | NOTE | |
r-release-linux-x86_64 | NOTE | |||||
r-release-macos-arm64 | 1.2.3 | 45.00 | OK | |||
r-release-macos-x86_64 | 1.2.3 | 63.00 | OK | |||
r-release-windows-x86_64 | 1.2.3 | 8.00 | 67.00 | 75.00 | NOTE | |
r-oldrel-macos-arm64 | 1.2.3 | 32.00 | OK | |||
r-oldrel-macos-x86_64 | 1.2.3 | 46.00 | OK | |||
r-oldrel-windows-x86_64 | 1.2.3 | 11.00 | 84.00 | 95.00 | OK |
Version: 1.2.3
Check: Rd cross-references
Result: NOTE
Found the following Rd file(s) with Rd \link{} targets missing package
anchors:
factorplot.Rd: glht, summary.glht
Please provide package anchors for all Rd \link{} targets not in the
package itself and the base packages.
Flavors: r-devel-linux-x86_64-debian-clang, r-devel-linux-x86_64-debian-gcc, r-devel-windows-x86_64, r-patched-linux-x86_64, r-release-linux-x86_64, r-release-windows-x86_64