Last updated on 2024-07-17 20:56:59 CEST.
Flavor | Version | Tinstall | Tcheck | Ttotal | Status | Flags |
---|---|---|---|---|---|---|
r-devel-linux-x86_64-debian-clang | 1.0 | 9.43 | 81.73 | 91.16 | OK | |
r-devel-linux-x86_64-debian-gcc | 1.0 | 8.00 | 58.91 | 66.91 | OK | |
r-devel-linux-x86_64-fedora-clang | 1.0 | 119.71 | NOTE | |||
r-devel-linux-x86_64-fedora-gcc | 1.0 | 109.82 | OK | |||
r-devel-windows-x86_64 | 1.0 | 11.00 | 84.00 | 95.00 | OK | |
r-patched-linux-x86_64 | 1.0 | 10.66 | 78.37 | 89.03 | OK | |
r-release-linux-x86_64 | 1.0 | 9.94 | 78.21 | 88.15 | OK | |
r-release-macos-arm64 | 1.0 | 28.00 | OK | |||
r-release-macos-x86_64 | 1.0 | 44.00 | OK | |||
r-release-windows-x86_64 | 1.0 | 9.00 | 84.00 | 93.00 | OK | |
r-oldrel-macos-arm64 | 1.0 | 31.00 | OK | |||
r-oldrel-macos-x86_64 | 1.0 | 53.00 | OK | |||
r-oldrel-windows-x86_64 | 1.0 | 12.00 | 90.00 | 102.00 | OK |
Version: 1.0
Check: Rd cross-references
Result: NOTE
Undeclared package ‘pyinit’ in Rd xrefs
Flavor: r-devel-linux-x86_64-fedora-clang