CRAN Package Check Results for Package fTrading

Last updated on 2025-01-17 21:49:31 CET.

Flavor Version Tinstall Tcheck Ttotal Status Flags
r-devel-linux-x86_64-debian-clang 3042.79 5.35 45.54 50.89 OK
r-devel-linux-x86_64-debian-gcc 3042.79 3.61 32.97 36.58 OK
r-devel-linux-x86_64-fedora-clang 3042.79 81.21 OK
r-devel-linux-x86_64-fedora-gcc 3042.79 78.16 OK
r-devel-windows-x86_64 3042.79 6.00 61.00 67.00 OK
r-patched-linux-x86_64 3042.79 4.39 42.48 46.87 NOTE
r-release-linux-x86_64 3042.79 4.82 42.35 47.17 NOTE
r-release-macos-arm64 3042.79 26.00 NOTE
r-release-macos-x86_64 3042.79 36.00 NOTE
r-release-windows-x86_64 3042.79 5.00 121.00 126.00 NOTE
r-oldrel-macos-arm64 3042.79 27.00 NOTE
r-oldrel-macos-x86_64 3042.79 38.00 NOTE
r-oldrel-windows-x86_64 3042.79 7.00 62.00 69.00 NOTE

Check Details

Version: 3042.79
Check: LazyData
Result: NOTE 'LazyData' is specified without a 'data' directory Flavors: r-patched-linux-x86_64, r-release-linux-x86_64, r-release-macos-arm64, r-release-macos-x86_64, r-release-windows-x86_64, r-oldrel-macos-arm64, r-oldrel-macos-x86_64, r-oldrel-windows-x86_64