Last updated on 2025-05-02 20:50:41 CEST.
Flavor | Version | Tinstall | Tcheck | Ttotal | Status | Flags |
---|---|---|---|---|---|---|
r-devel-linux-x86_64-debian-clang | 4031.84 | 6.01 | 63.69 | 69.70 | NOTE | |
r-devel-linux-x86_64-debian-gcc | 4031.84 | 4.66 | 44.58 | 49.24 | NOTE | |
r-devel-linux-x86_64-fedora-clang | 4031.84 | 109.34 | OK | |||
r-devel-linux-x86_64-fedora-gcc | 4031.84 | 103.05 | OK | |||
r-devel-windows-x86_64 | 4031.84 | 7.00 | 84.00 | 91.00 | OK | |
r-patched-linux-x86_64 | 4031.84 | 6.62 | 59.93 | 66.55 | OK | |
r-release-linux-x86_64 | OK | |||||
r-release-macos-arm64 | 4031.84 | 35.00 | OK | |||
r-release-macos-x86_64 | 4031.84 | 62.00 | OK | |||
r-release-windows-x86_64 | 4031.84 | 7.00 | 84.00 | 91.00 | OK | |
r-oldrel-macos-arm64 | 4031.84 | 31.00 | OK | |||
r-oldrel-macos-x86_64 | 4031.84 | 54.00 | OK | |||
r-oldrel-windows-x86_64 | 4031.84 | 8.00 | 95.00 | 103.00 | OK |
Version: 4031.84
Check: CRAN incoming feasibility
Result: NOTE
Maintainer: ‘Stefan Theussl <Stefan.Theussl@R-Project.org>’
The Description field contains
<arXiv:0911.2093> to manage, investigate and analyze bivariate and
Please refer to arXiv e-prints via their arXiv DOI <doi:10.48550/arXiv.YYMM.NNNNN>.
Flavors: r-devel-linux-x86_64-debian-clang, r-devel-linux-x86_64-debian-gcc