Last updated on 2024-03-28 19:48:31 CET.
Flavor | Version | Tinstall | Tcheck | Ttotal | Status | Flags |
---|---|---|---|---|---|---|
r-devel-linux-x86_64-debian-clang | 1.2.2 | 43.19 | 159.99 | 203.18 | OK | |
r-devel-linux-x86_64-debian-gcc | 1.2.2 | 36.94 | 116.81 | 153.75 | OK | |
r-devel-linux-x86_64-fedora-clang | 1.2.2 | 264.11 | NOTE | |||
r-devel-linux-x86_64-fedora-gcc | 1.2.2 | 268.86 | OK | |||
r-devel-windows-x86_64 | 1.2.2 | 41.00 | 159.00 | 200.00 | NOTE | |
r-patched-linux-x86_64 | 1.2.2 | 36.77 | 155.72 | 192.49 | OK | |
r-release-linux-x86_64 | 1.2.2 | 32.09 | 151.61 | 183.70 | OK | |
r-release-macos-arm64 | 1.2.2 | 89.00 | NOTE | |||
r-release-macos-x86_64 | 1.2.2 | 204.00 | NOTE | |||
r-release-windows-x86_64 | 1.2.2 | 51.00 | 202.00 | 253.00 | NOTE | |
r-oldrel-macos-arm64 | 1.2.2 | 90.00 | NOTE | |||
r-oldrel-windows-x86_64 | 1.2.2 | 52.00 | 189.00 | 241.00 | NOTE |
Version: 1.2.2
Check: installed package size
Result: NOTE
installed size is 6.2Mb
sub-directories of 1Mb or more:
data 1.9Mb
extdata 2.8Mb
Flavors: r-devel-linux-x86_64-fedora-clang, r-devel-windows-x86_64, r-release-macos-arm64, r-release-macos-x86_64, r-release-windows-x86_64, r-oldrel-macos-arm64, r-oldrel-windows-x86_64