Last updated on 2025-01-17 21:49:30 CET.
Flavor | Version | Tinstall | Tcheck | Ttotal | Status | Flags |
---|---|---|---|---|---|---|
r-devel-linux-x86_64-debian-clang | 3042.78 | 4.57 | 40.67 | 45.24 | OK | |
r-devel-linux-x86_64-debian-gcc | 3042.78 | 3.24 | 29.33 | 32.57 | OK | |
r-devel-linux-x86_64-fedora-clang | 3042.78 | 71.79 | OK | |||
r-devel-linux-x86_64-fedora-gcc | 3042.78 | 69.49 | OK | |||
r-devel-windows-x86_64 | 3042.78 | 5.00 | 55.00 | 60.00 | OK | |
r-patched-linux-x86_64 | 3042.78 | 3.68 | 38.11 | 41.79 | NOTE | |
r-release-linux-x86_64 | 3042.78 | 4.01 | 38.14 | 42.15 | NOTE | |
r-release-macos-arm64 | 3042.78 | 24.00 | NOTE | |||
r-release-macos-x86_64 | 3042.78 | 41.00 | NOTE | |||
r-release-windows-x86_64 | 3042.78 | 5.00 | 118.00 | 123.00 | NOTE | |
r-oldrel-macos-arm64 | 3042.78 | 25.00 | NOTE | |||
r-oldrel-macos-x86_64 | 3042.78 | 37.00 | NOTE | |||
r-oldrel-windows-x86_64 | 3042.78 | 6.00 | 55.00 | 61.00 | NOTE |
Version: 3042.78
Check: LazyData
Result: NOTE
'LazyData' is specified without a 'data' directory
Flavors: r-patched-linux-x86_64, r-release-linux-x86_64, r-release-macos-arm64, r-release-macos-x86_64, r-release-windows-x86_64, r-oldrel-macos-arm64, r-oldrel-macos-x86_64, r-oldrel-windows-x86_64