Last updated on 2023-06-07 21:01:19 CEST.
Flavor | Version | Tinstall | Tcheck | Ttotal | Status | Flags |
---|---|---|---|---|---|---|
r-devel-linux-x86_64-debian-clang | 0.2.0 | 10.34 | 524.36 | 534.70 | NOTE | |
r-devel-linux-x86_64-debian-gcc | 0.2.0 | 8.87 | 387.31 | 396.18 | NOTE | |
r-devel-linux-x86_64-fedora-clang | 0.2.0 | 639.75 | NOTE | |||
r-devel-linux-x86_64-fedora-gcc | 0.2.0 | 627.81 | NOTE | |||
r-devel-windows-x86_64 | 0.2.0 | 9.00 | 351.00 | 360.00 | NOTE | |
r-patched-linux-x86_64 | 0.2.0 | 6.60 | 494.37 | 500.97 | NOTE | |
r-release-linux-x86_64 | 0.2.0 | 6.72 | 494.21 | 500.93 | NOTE | |
r-release-macos-arm64 | 0.2.0 | 185.00 | NOTE | |||
r-release-macos-x86_64 | 0.2.0 | 322.00 | NOTE | |||
r-release-windows-x86_64 | 0.2.0 | 12.00 | 479.00 | 491.00 | NOTE | |
r-oldrel-macos-arm64 | 0.2.0 | 156.00 | NOTE | |||
r-oldrel-macos-x86_64 | 0.2.0 | 318.00 | NOTE | |||
r-oldrel-windows-x86_64 | 0.2.0 | 12.00 | 474.00 | 486.00 | NOTE |
Version: 0.2.0
Check: package subdirectories
Result: NOTE
Problems with news in ‘NEWS.md’:
No news entries found.
Flavors: r-devel-linux-x86_64-debian-clang, r-devel-linux-x86_64-debian-gcc, r-devel-linux-x86_64-fedora-clang, r-devel-linux-x86_64-fedora-gcc, r-devel-windows-x86_64, r-patched-linux-x86_64, r-release-linux-x86_64, r-release-macos-arm64, r-release-macos-x86_64, r-release-windows-x86_64
Version: 0.2.0
Check: dependencies in R code
Result: NOTE
Namespace in Imports field not imported from: ‘rlang’
All declared Imports should be used.
Flavors: r-devel-linux-x86_64-fedora-clang, r-devel-linux-x86_64-fedora-gcc, r-oldrel-macos-arm64, r-oldrel-macos-x86_64
Version: 0.2.0
Check: package dependencies
Result: NOTE
Package suggested but not available for checking: 'doMC'
Flavors: r-devel-windows-x86_64, r-release-windows-x86_64, r-oldrel-windows-x86_64