Last updated on 2024-07-17 20:56:59 CEST.
Flavor | Version | Tinstall | Tcheck | Ttotal | Status | Flags |
---|---|---|---|---|---|---|
r-devel-linux-x86_64-debian-clang | 1.0.2 | 4.54 | 69.48 | 74.02 | OK | |
r-devel-linux-x86_64-debian-gcc | 1.0.2 | 5.04 | 51.38 | 56.42 | OK | |
r-devel-linux-x86_64-fedora-clang | 1.0.2 | 94.54 | OK | |||
r-devel-linux-x86_64-fedora-gcc | 1.0.2 | 103.76 | OK | |||
r-devel-windows-x86_64 | 1.0.2 | 6.00 | 99.00 | 105.00 | NOTE | |
r-patched-linux-x86_64 | 1.0.2 | 5.03 | 66.35 | 71.38 | OK | |
r-release-linux-x86_64 | 1.0.2 | 4.22 | 66.61 | 70.83 | OK | |
r-release-macos-arm64 | 1.0.2 | 35.00 | OK | |||
r-release-macos-x86_64 | 1.0.2 | 54.00 | OK | |||
r-release-windows-x86_64 | 1.0.2 | 6.00 | 101.00 | 107.00 | OK | |
r-oldrel-macos-arm64 | 1.0.2 | 37.00 | OK | |||
r-oldrel-macos-x86_64 | 1.0.2 | 75.00 | OK | |||
r-oldrel-windows-x86_64 | 1.0.2 | 5.00 | 102.00 | 107.00 | OK |
Version: 1.0.2
Check: Rd cross-references
Result: NOTE
Found the following Rd file(s) with Rd \link{} targets missing package
anchors:
cox.adapt.Rd: coxph
Please provide package anchors for all Rd \link{} targets not in the
package itself and the base packages.
Flavor: r-devel-windows-x86_64