CRAN Package Check Results for Package extrafont

Last updated on 2025-05-06 20:50:40 CEST.

Flavor Version Tinstall Tcheck Ttotal Status Flags
r-devel-linux-x86_64-debian-clang 0.19 2.16 19.98 22.14 NOTE
r-devel-linux-x86_64-debian-gcc 0.19 1.58 16.34 17.92 NOTE
r-devel-linux-x86_64-fedora-clang 0.19 32.20 OK
r-devel-linux-x86_64-fedora-gcc 0.19 30.93 OK
r-devel-windows-x86_64 0.19 3.00 40.00 43.00 OK
r-patched-linux-x86_64 0.19 2.06 18.18 20.24 OK
r-release-linux-x86_64 0.19 1.78 18.26 20.04 OK
r-release-macos-arm64 0.19 17.00 OK
r-release-macos-x86_64 0.19 25.00 OK
r-release-windows-x86_64 0.19 4.00 46.00 50.00 OK
r-oldrel-macos-arm64 0.19 15.00 OK
r-oldrel-macos-x86_64 0.19 21.00 OK
r-oldrel-windows-x86_64 0.19 3.00 40.00 43.00 OK

Check Details

Version: 0.19
Check: CRAN incoming feasibility
Result: NOTE Maintainer: ‘Winston Chang <winston@stdout.org>’ No Authors@R field in DESCRIPTION. Please add one, modifying Authors@R: person(given = "Winston", family = "Chang", role = c("aut", "cre"), email = "winston@stdout.org") as necessary. Flavors: r-devel-linux-x86_64-debian-clang, r-devel-linux-x86_64-debian-gcc