Last updated on 2025-10-23 20:58:57 CEST.
| Flavor | Version | Tinstall | Tcheck | Ttotal | Status | Flags |
|---|---|---|---|---|---|---|
| r-devel-linux-x86_64-debian-clang | 0.20 | 2.12 | 23.69 | 25.81 | NOTE | |
| r-devel-linux-x86_64-debian-gcc | 0.20 | 1.53 | 19.19 | 20.72 | OK | |
| r-devel-linux-x86_64-fedora-clang | 0.20 | 51.00 | OK | |||
| r-devel-linux-x86_64-fedora-gcc | 0.20 | 34.47 | OK | |||
| r-devel-windows-x86_64 | 0.20 | 3.00 | 42.00 | 45.00 | OK | |
| r-patched-linux-x86_64 | 0.20 | 1.79 | 21.38 | 23.17 | OK | |
| r-release-linux-x86_64 | 0.20 | 2.11 | 21.46 | 23.57 | OK | |
| r-release-macos-arm64 | 0.20 | 1.00 | 15.00 | 16.00 | OK | |
| r-release-macos-x86_64 | 0.20 | 3.00 | 26.00 | 29.00 | OK | |
| r-release-windows-x86_64 | 0.20 | 3.00 | 44.00 | 47.00 | OK | |
| r-oldrel-macos-arm64 | 0.20 | 1.00 | 20.00 | 21.00 | OK | |
| r-oldrel-macos-x86_64 | 0.20 | 2.00 | 26.00 | 28.00 | OK | |
| r-oldrel-windows-x86_64 | 0.20 | 4.00 | 50.00 | 54.00 | OK |
Version: 0.20
Check: HTML version of manual
Result: NOTE
Found the following HTML validation problems:
ttf_import.html:54:1 (ttf_import.Rd:14): Warning: missing </ul> before </div>
Flavor: r-devel-linux-x86_64-debian-clang