CRAN Package Check Results for Package extraDistr

Last updated on 2022-12-03 23:01:27 CET.

Flavor Version Tinstall Tcheck Ttotal Status Flags
r-devel-linux-x86_64-debian-clang 1.9.1 490.65 99.43 590.08 NOTE
r-devel-linux-x86_64-debian-gcc 1.9.1 318.65 76.64 395.29 NOTE
r-devel-linux-x86_64-fedora-clang 1.9.1 925.90 NOTE
r-devel-linux-x86_64-fedora-gcc 1.9.1 797.83 NOTE
r-devel-windows-x86_64 1.9.1 455.00 172.00 627.00 NOTE
r-patched-linux-x86_64 1.9.1 390.63 93.23 483.86 NOTE
r-release-linux-x86_64 1.9.1 392.74 93.07 485.81 NOTE
r-release-macos-arm64 1.9.1 153.00 NOTE
r-release-macos-x86_64 1.9.1 228.00 NOTE
r-release-windows-x86_64 1.9.1 445.00 164.00 609.00 NOTE
r-oldrel-macos-arm64 1.9.1 175.00 NOTE
r-oldrel-macos-x86_64 1.9.1 235.00 NOTE
r-oldrel-windows-ix86+x86_64 1.9.1 1102.00 234.00 1336.00 NOTE

Check Details

Version: 1.9.1
Check: LazyData
Result: NOTE
     'LazyData' is specified without a 'data' directory
Flavors: r-devel-linux-x86_64-debian-clang, r-devel-linux-x86_64-debian-gcc, r-devel-linux-x86_64-fedora-clang, r-devel-linux-x86_64-fedora-gcc, r-devel-windows-x86_64, r-patched-linux-x86_64, r-release-linux-x86_64, r-release-macos-arm64, r-release-macos-x86_64, r-release-windows-x86_64, r-oldrel-macos-arm64, r-oldrel-macos-x86_64, r-oldrel-windows-ix86+x86_64

Version: 1.9.1
Check: installed package size
Result: NOTE
     installed size is 12.3Mb
     sub-directories of 1Mb or more:
     libs 11.7Mb
Flavors: r-release-macos-arm64, r-release-macos-x86_64, r-oldrel-macos-arm64, r-oldrel-macos-x86_64