Last updated on 2024-07-17 20:56:59 CEST.
Flavor | Version | Tinstall | Tcheck | Ttotal | Status | Flags |
---|---|---|---|---|---|---|
r-devel-linux-x86_64-debian-clang | 0.999-9 | 12.14 | 110.41 | 122.55 | OK | |
r-devel-linux-x86_64-debian-gcc | 0.999-9 | 10.76 | 83.50 | 94.26 | OK | |
r-devel-linux-x86_64-fedora-clang | 0.999-9 | 156.76 | OK | |||
r-devel-linux-x86_64-fedora-gcc | 0.999-9 | 166.75 | OK | |||
r-devel-windows-x86_64 | 0.999-9 | 18.00 | 115.00 | 133.00 | NOTE | |
r-patched-linux-x86_64 | 0.999-9 | 12.93 | 108.53 | 121.46 | OK | |
r-release-linux-x86_64 | 0.999-9 | 13.20 | 105.08 | 118.28 | OK | |
r-release-macos-arm64 | 0.999-9 | 56.00 | OK | |||
r-release-macos-x86_64 | 0.999-9 | 90.00 | OK | |||
r-release-windows-x86_64 | 0.999-9 | 17.00 | 117.00 | 134.00 | OK | |
r-oldrel-macos-arm64 | 0.999-9 | 72.00 | OK | |||
r-oldrel-macos-x86_64 | 0.999-9 | 130.00 | OK | |||
r-oldrel-windows-x86_64 | 0.999-9 | 21.00 | 128.00 | 149.00 | OK |
Version: 0.999-9
Check: Rd cross-references
Result: NOTE
Found the following Rd file(s) with Rd \link{} targets missing package
anchors:
expm.Higham08.Rd: sparseMatrix-class
Please provide package anchors for all Rd \link{} targets not in the
package itself and the base packages.
Flavor: r-devel-windows-x86_64