Last updated on 2024-04-23 20:52:03 CEST.
Flavor | Version | Tinstall | Tcheck | Ttotal | Status | Flags |
---|---|---|---|---|---|---|
r-devel-linux-x86_64-debian-clang | 0.1.0 | 2.14 | 37.29 | 39.43 | NOTE | |
r-devel-linux-x86_64-debian-gcc | 0.1.0 | 2.25 | 28.32 | 30.57 | NOTE | |
r-devel-linux-x86_64-fedora-clang | 0.1.0 | 50.20 | NOTE | |||
r-devel-linux-x86_64-fedora-gcc | 0.1.0 | 48.26 | NOTE | |||
r-prerel-macos-arm64 | 0.1.0 | 20.00 | NOTE | |||
r-prerel-windows-x86_64 | 0.1.0 | 4.00 | 54.00 | 58.00 | NOTE | |
r-patched-linux-x86_64 | 0.1.0 | 3.32 | 35.17 | 38.49 | NOTE | |
r-release-linux-x86_64 | 0.1.0 | 2.37 | 36.78 | 39.15 | NOTE | |
r-release-macos-arm64 | 0.1.0 | 29.00 | NOTE | |||
r-release-macos-x86_64 | 0.1.0 | 27.00 | NOTE | |||
r-release-windows-x86_64 | 0.1.0 | 5.00 | 59.00 | 64.00 | NOTE | |
r-oldrel-macos-arm64 | 0.1.0 | 23.00 | NOTE | |||
r-oldrel-windows-x86_64 | 0.1.0 | 6.00 | 60.00 | 66.00 | NOTE |
Version: 0.1.0
Check: LazyData
Result: NOTE
'LazyData' is specified without a 'data' directory
Flavors: r-devel-linux-x86_64-debian-clang, r-devel-linux-x86_64-debian-gcc, r-devel-linux-x86_64-fedora-clang, r-devel-linux-x86_64-fedora-gcc, r-prerel-macos-arm64, r-prerel-windows-x86_64, r-patched-linux-x86_64, r-release-linux-x86_64, r-release-macos-arm64, r-release-macos-x86_64, r-release-windows-x86_64, r-oldrel-macos-arm64, r-oldrel-windows-x86_64
Version: 0.1.0
Check: dependencies in R code
Result: NOTE
Namespace in Imports field not imported from: ‘polynom’
All declared Imports should be used.
Flavors: r-devel-linux-x86_64-fedora-clang, r-devel-linux-x86_64-fedora-gcc
Version: 0.1.0
Check: Rd cross-references
Result: NOTE
Undeclared packages ‘tseriesChaos’, ‘rSFA’ in Rd xrefs
Flavor: r-devel-linux-x86_64-fedora-clang