Last updated on 2024-04-18 21:56:50 CEST.
Flavor | Version | Tinstall | Tcheck | Ttotal | Status | Flags |
---|---|---|---|---|---|---|
r-devel-linux-x86_64-debian-clang | 0.1.0 | 25.15 | 28.78 | 53.93 | NOTE | |
r-devel-linux-x86_64-debian-gcc | 0.1.0 | 17.46 | 21.80 | 39.26 | NOTE | |
r-devel-linux-x86_64-fedora-clang | 0.1.0 | 74.39 | NOTE | |||
r-devel-linux-x86_64-fedora-gcc | 0.1.0 | 67.74 | NOTE | |||
r-prerel-macos-arm64 | 0.1.0 | 23.00 | NOTE | |||
r-patched-linux-x86_64 | 0.1.0 | 24.04 | 27.01 | 51.05 | NOTE | |
r-release-linux-x86_64 | 0.1.0 | 21.49 | 28.24 | 49.73 | NOTE | |
r-release-macos-arm64 | 0.1.0 | 25.00 | NOTE | |||
r-release-macos-x86_64 | 0.1.0 | 36.00 | NOTE | |||
r-oldrel-macos-arm64 | 0.1.0 | 25.00 | OK |
Version: 0.1.0
Check: C++ specification
Result: NOTE
Specified C++11: please drop specification unless essential
Flavors: r-devel-linux-x86_64-debian-clang, r-devel-linux-x86_64-debian-gcc, r-devel-linux-x86_64-fedora-clang, r-devel-linux-x86_64-fedora-gcc, r-prerel-macos-arm64, r-patched-linux-x86_64, r-release-linux-x86_64, r-release-macos-arm64, r-release-macos-x86_64
Version: 0.1.0
Check: compiled code
Result: NOTE
File ‘exif/libs/exif.so’:
Found no calls to: ‘R_registerRoutines’, ‘R_useDynamicSymbols’
It is good practice to register native routines and to disable symbol
search.
See ‘Writing portable packages’ in the ‘Writing R Extensions’ manual.
Flavors: r-devel-linux-x86_64-fedora-clang, r-devel-linux-x86_64-fedora-gcc