Last updated on 2023-06-07 21:01:19 CEST.
Flavor | Version | Tinstall | Tcheck | Ttotal | Status | Flags |
---|---|---|---|---|---|---|
r-devel-linux-x86_64-debian-clang | 0.5.0 | 4.54 | 76.56 | 81.10 | NOTE | --no-tests |
r-devel-linux-x86_64-debian-gcc | 0.5.0 | 3.69 | 58.60 | 62.29 | NOTE | --no-tests |
r-devel-linux-x86_64-fedora-clang | 0.5.0 | 888.15 | NOTE | |||
r-devel-linux-x86_64-fedora-gcc | 0.5.0 | 862.87 | NOTE | |||
r-devel-windows-x86_64 | 0.5.0 | 7.00 | 502.00 | 509.00 | NOTE | |
r-patched-linux-x86_64 | 0.5.0 | 4.91 | 73.62 | 78.53 | NOTE | --no-tests |
r-release-linux-x86_64 | 0.5.0 | 4.00 | 73.62 | 77.62 | NOTE | --no-tests |
r-release-macos-arm64 | 0.5.0 | 260.00 | NOTE | |||
r-release-macos-x86_64 | 0.5.0 | 421.00 | NOTE | |||
r-release-windows-x86_64 | 0.5.0 | 7.00 | 679.00 | 686.00 | OK | |
r-oldrel-macos-arm64 | 0.5.0 | 203.00 | OK | |||
r-oldrel-macos-x86_64 | 0.5.0 | 281.00 | OK | |||
r-oldrel-windows-x86_64 | 0.5.0 | 7.00 | 652.00 | 659.00 | OK |
Version: 0.5.0
Flags: --no-tests
Check: Rd cross-references
Result: NOTE
Unknown package ‘iptools’ in Rd xrefs
Flavors: r-devel-linux-x86_64-debian-clang, r-devel-linux-x86_64-debian-gcc, r-patched-linux-x86_64, r-release-linux-x86_64
Version: 0.5.0
Check: Rd cross-references
Result: NOTE
Undeclared package ‘iptools’ in Rd xrefs
Unknown package ‘iptools’ in Rd xrefs
Flavor: r-devel-linux-x86_64-fedora-clang
Version: 0.5.0
Check: Rd cross-references
Result: NOTE
Unknown package ‘iptools’ in Rd xrefs
Flavors: r-devel-linux-x86_64-fedora-gcc, r-devel-windows-x86_64, r-release-macos-arm64, r-release-macos-x86_64