Last updated on 2023-06-05 21:59:05 CEST.
Flavor | Version | Tinstall | Tcheck | Ttotal | Status | Flags |
---|---|---|---|---|---|---|
r-devel-linux-x86_64-debian-clang | 0.6.1 | 23.36 | 172.67 | 196.03 | OK | |
r-devel-linux-x86_64-debian-gcc | 0.6.1 | 18.93 | 128.14 | 147.07 | OK | |
r-devel-linux-x86_64-fedora-clang | 0.6.1 | 247.04 | NOTE | |||
r-devel-linux-x86_64-fedora-gcc | 0.6.1 | 246.20 | NOTE | |||
r-devel-windows-x86_64 | 0.6.1 | 22.00 | 147.00 | 169.00 | OK | |
r-patched-linux-x86_64 | 0.6.1 | 21.39 | 163.72 | 185.11 | OK | |
r-release-linux-x86_64 | 0.6.1 | 21.60 | 163.20 | 184.80 | OK | |
r-release-macos-arm64 | 0.6.1 | 88.00 | OK | |||
r-release-macos-x86_64 | 0.6.1 | 135.00 | NOTE | |||
r-release-windows-x86_64 | 0.6.1 | 27.00 | 163.00 | 190.00 | OK | |
r-oldrel-macos-arm64 | 0.6.1 | 80.00 | NOTE | |||
r-oldrel-macos-x86_64 | 0.6.1 | 145.00 | NOTE | |||
r-oldrel-windows-x86_64 | 0.6.1 | 28.00 | 168.00 | 196.00 | OK |
Version: 0.6.1
Check: data for non-ASCII characters
Result: NOTE
Note: found 342 marked UTF-8 strings
Flavors: r-devel-linux-x86_64-fedora-clang, r-devel-linux-x86_64-fedora-gcc, r-oldrel-macos-arm64, r-oldrel-macos-x86_64
Version: 0.6.1
Check: installed package size
Result: NOTE
installed size is 5.4Mb
sub-directories of 1Mb or more:
data 4.6Mb
Flavor: r-release-macos-x86_64