CRAN Package Check Results for Package excel.link

Last updated on 2022-09-27 21:53:49 CEST.

Flavor Version Tinstall Tcheck Ttotal Status Flags
r-devel-windows-x86_64 0.9.10 84.00 91.00 175.00 WARN
r-release-windows-x86_64 0.9.10 68.00 96.00 164.00 OK
r-oldrel-macos-arm64 0.9.10 64.00 OK
r-oldrel-windows-ix86+x86_64 0.9.10 45.00 89.00 134.00 OK

Check Details

Version: 0.9.10
Check: whether package can be installed
Result: WARN
    Found the following significant warnings:
     RCOMObject.cpp:125:12: warning: format '%p' expects argument of type 'void*', but argument 3 has type 'SEXP' {aka 'SEXPREC*'} [-Wformat=]
Flavor: r-devel-windows-x86_64