Last updated on 2025-11-22 19:50:29 CET.
| Flavor | Version | Tinstall | Tcheck | Ttotal | Status | Flags |
|---|---|---|---|---|---|---|
| r-devel-linux-x86_64-debian-clang | 1.6.5 | 30.22 | 84.84 | 115.06 | OK | |
| r-devel-linux-x86_64-debian-gcc | 1.7.0 | 21.09 | 56.94 | 78.03 | OK | |
| r-devel-linux-x86_64-fedora-clang | 1.7.0 | 270.00 | -63.92 | 206.08 | OK | |
| r-devel-linux-x86_64-fedora-gcc | 1.6.5 | 69.00 | 101.36 | 170.36 | OK | |
| r-devel-windows-x86_64 | 1.6.5 | 41.00 | 113.00 | 154.00 | OK | |
| r-patched-linux-x86_64 | 1.6.5 | 32.78 | 77.32 | 110.10 | OK | |
| r-release-linux-x86_64 | 1.6.5 | 32.10 | 75.95 | 108.05 | OK | |
| r-release-macos-arm64 | 1.7.0 | 0.00 | 5.00 | 5.00 | ERROR | |
| r-release-macos-x86_64 | 1.7.0 | 28.00 | 100.00 | 128.00 | OK | |
| r-release-windows-x86_64 | 1.6.5 | 37.00 | 113.00 | 150.00 | OK | |
| r-oldrel-macos-arm64 | 1.7.0 | 0.00 | 10.00 | 10.00 | ERROR | |
| r-oldrel-macos-x86_64 | 1.7.0 | 23.00 | 89.00 | 112.00 | OK | |
| r-oldrel-windows-x86_64 | 1.6.5 | 47.00 | 138.00 | 185.00 | OK |
Version: 1.7.0
Check: whether package can be installed
Result: ERROR
Installation failed.
Flavors: r-release-macos-arm64, r-oldrel-macos-arm64