Last updated on 2025-11-16 19:49:59 CET.
| Flavor | Version | Tinstall | Tcheck | Ttotal | Status | Flags |
|---|---|---|---|---|---|---|
| r-devel-linux-x86_64-debian-clang | 1.1.5 | 2.19 | 25.29 | 27.48 | OK | |
| r-devel-linux-x86_64-debian-gcc | 1.1.5 | 1.92 | 20.97 | 22.89 | NOTE | |
| r-devel-linux-x86_64-fedora-clang | 1.1.5 | 40.38 | OK | |||
| r-devel-linux-x86_64-fedora-gcc | 1.1.5 | 38.78 | OK | |||
| r-devel-windows-x86_64 | 1.1.5 | 5.00 | 44.00 | 49.00 | OK | |
| r-patched-linux-x86_64 | 1.1.5 | 2.71 | 23.75 | 26.46 | OK | |
| r-release-linux-x86_64 | 1.1.5 | 2.46 | 23.98 | 26.44 | OK | |
| r-release-macos-arm64 | 1.1.5 | 1.00 | 16.00 | 17.00 | OK | |
| r-release-macos-x86_64 | 1.1.5 | 3.00 | 30.00 | 33.00 | OK | |
| r-release-windows-x86_64 | 1.1.5 | 3.00 | 45.00 | 48.00 | OK | |
| r-oldrel-macos-arm64 | 1.1.5 | 1.00 | 27.00 | 28.00 | OK | |
| r-oldrel-macos-x86_64 | 1.1.5 | 4.00 | 35.00 | 39.00 | OK | |
| r-oldrel-windows-x86_64 | 1.1.5 | 4.00 | 50.00 | 54.00 | OK |
Version: 1.1.5
Check: CRAN incoming feasibility
Result: NOTE
Maintainer: ‘Leo Belzile <belzilel@gmail.com>’
The BugReports field in DESCRIPTION has
https://github.com/lbelzile/evt0/issues/
which should likely be
https://github.com/lbelzile/evt0/issues/issues
instead.
Flavor: r-devel-linux-x86_64-debian-gcc