Last updated on 2024-07-17 20:56:59 CEST.
Flavor | Version | Tinstall | Tcheck | Ttotal | Status | Flags |
---|---|---|---|---|---|---|
r-devel-linux-x86_64-debian-clang | 2.12 | 33.58 | 227.45 | 261.03 | NOTE | |
r-devel-linux-x86_64-debian-gcc | 2.12 | 23.52 | 157.42 | 180.94 | NOTE | |
r-devel-linux-x86_64-fedora-clang | 2.12 | 338.42 | NOTE | |||
r-devel-linux-x86_64-fedora-gcc | 2.12 | 314.42 | NOTE | |||
r-devel-windows-x86_64 | 2.12 | 27.00 | 168.00 | 195.00 | NOTE | |
r-patched-linux-x86_64 | 2.12 | 38.85 | 208.74 | 247.59 | NOTE | |
r-release-linux-x86_64 | 2.12 | 33.18 | 213.71 | 246.89 | NOTE | |
r-release-macos-arm64 | 2.12 | 60.00 | NOTE | |||
r-release-macos-x86_64 | 2.12 | 101.00 | NOTE | |||
r-release-windows-x86_64 | 2.12 | 27.00 | 166.00 | 193.00 | NOTE | |
r-oldrel-macos-arm64 | 2.12 | 63.00 | NOTE | |||
r-oldrel-macos-x86_64 | 2.12 | 83.00 | NOTE | |||
r-oldrel-windows-x86_64 | 2.12 | 30.00 | 207.00 | 237.00 | OK |
Version: 2.12
Check: Rd files
Result: NOTE
checkRd: (-1) fmgammagpd.Rd:183: Lost braces; missing escapes or markup?
183 | \item {nlumgammagpd} and {proflumgammagpd} - \code{c(mgshape, mgscale, mgweight[1:(M-1)], sigmau, xi)}
| ^
checkRd: (-1) fmgammagpdcon.Rd:181: Lost braces; missing escapes or markup?
181 | \item {nlumgammagpdcon} and {proflumgammagpdcon} - \code{c(mgshape, mgscale, mgweight[1:(M-1)], xi)}
| ^
checkRd: (-1) kernels.Rd:87: Lost braces
87 | code{\link[evmix:kernels]{kd*}} and \code{\link[evmix:kernels]{kp*}} give the
| ^
Flavors: r-devel-linux-x86_64-debian-clang, r-devel-linux-x86_64-debian-gcc, r-devel-linux-x86_64-fedora-clang, r-devel-linux-x86_64-fedora-gcc, r-devel-windows-x86_64, r-patched-linux-x86_64, r-release-linux-x86_64, r-release-macos-arm64, r-release-macos-x86_64, r-release-windows-x86_64
Version: 2.12
Check: Rd cross-references
Result: NOTE
Undeclared packages ‘ks’, ‘evd’, ‘ismev’, ‘mixtools’, ‘evir’, ‘smoothtail’ in Rd xrefs
Flavor: r-devel-linux-x86_64-fedora-clang
Version: 2.12
Check: installed package size
Result: NOTE
installed size is 5.9Mb
sub-directories of 1Mb or more:
R 2.0Mb
doc 2.9Mb
Flavors: r-release-macos-arm64, r-release-macos-x86_64, r-oldrel-macos-arm64, r-oldrel-macos-x86_64