CRAN Package Check Results for Package evidenceFactors

Last updated on 2025-11-23 20:48:46 CET.

Flavor Version Tinstall Tcheck Ttotal Status Flags
r-devel-linux-x86_64-debian-clang 1.8 1.49 28.52 30.01 NOTE
r-devel-linux-x86_64-debian-gcc 1.8 1.32 21.65 22.97 NOTE
r-devel-linux-x86_64-fedora-clang 1.8 46.87 OK
r-devel-linux-x86_64-fedora-gcc 1.8 44.20 OK
r-devel-windows-x86_64 1.8 3.00 45.00 48.00 OK
r-patched-linux-x86_64 1.8 1.62 26.90 28.52 OK
r-release-linux-x86_64 1.8 1.67 27.06 28.73 OK
r-release-macos-arm64 1.8 OK
r-release-macos-x86_64 1.8 2.00 34.00 36.00 OK
r-release-windows-x86_64 1.8 3.00 45.00 48.00 OK
r-oldrel-macos-arm64 1.8 OK
r-oldrel-macos-x86_64 1.8 1.00 28.00 29.00 OK
r-oldrel-windows-x86_64 1.8 3.00 56.00 59.00 OK

Check Details

Version: 1.8
Check: CRAN incoming feasibility
Result: NOTE Maintainer: ‘Bikram Karmakar <bkarmakar@ufl.edu>’ No Authors@R field in DESCRIPTION. Please add one, modifying Authors@R: person(given = "Bikram", family = "Karmakar", role = c("aut", "cre"), email = "bkarmakar@ufl.edu") as necessary. Flavors: r-devel-linux-x86_64-debian-clang, r-devel-linux-x86_64-debian-gcc