Last updated on 2024-08-15 20:48:15 CEST.
Flavor | Version | Tinstall | Tcheck | Ttotal | Status | Flags |
---|---|---|---|---|---|---|
r-devel-linux-x86_64-debian-clang | 0.8.10 | 22.72 | 204.15 | 226.87 | NOTE | |
r-devel-linux-x86_64-debian-gcc | 0.8.10 | 21.55 | 148.59 | 170.14 | NOTE | |
r-devel-linux-x86_64-fedora-clang | 0.8.10 | 387.81 | NOTE | |||
r-devel-linux-x86_64-fedora-gcc | 0.8.10 | 361.65 | NOTE | |||
r-devel-windows-x86_64 | 0.8.10 | 24.00 | 193.00 | 217.00 | NOTE | |
r-patched-linux-x86_64 | 0.8.10 | 23.16 | 193.86 | 217.02 | NOTE | |
r-release-linux-x86_64 | 0.8.10 | 22.63 | 194.65 | 217.28 | NOTE | |
r-release-macos-arm64 | 0.8.10 | 89.00 | NOTE | |||
r-release-macos-x86_64 | 0.8.10 | 128.00 | NOTE | |||
r-release-windows-x86_64 | 0.8.10 | 30.00 | 193.00 | 223.00 | NOTE | |
r-oldrel-macos-arm64 | 0.8.10 | 82.00 | NOTE | |||
r-oldrel-macos-x86_64 | 0.8.10 | 143.00 | NOTE | |||
r-oldrel-windows-x86_64 | 0.8.10 | 38.00 | 243.00 | 281.00 | NOTE |
Version: 0.8.10
Check: Rd files
Result: NOTE
checkRd: (-1) Snoring.Rd:21: Escaped LaTeX specials: \&
Flavors: r-devel-linux-x86_64-debian-clang, r-devel-linux-x86_64-debian-gcc, r-devel-linux-x86_64-fedora-clang, r-devel-linux-x86_64-fedora-gcc, r-devel-windows-x86_64, r-patched-linux-x86_64, r-release-linux-x86_64, r-release-macos-arm64, r-release-macos-x86_64, r-release-windows-x86_64, r-oldrel-macos-arm64, r-oldrel-macos-x86_64, r-oldrel-windows-x86_64