Last updated on 2024-04-23 20:52:03 CEST.
Flavor | Version | Tinstall | Tcheck | Ttotal | Status | Flags |
---|---|---|---|---|---|---|
r-devel-linux-x86_64-debian-clang | 1.0.0 | 18.30 | 408.56 | 426.86 | OK | |
r-devel-linux-x86_64-debian-gcc | 1.0.0 | 13.58 | 328.31 | 341.89 | OK | |
r-devel-linux-x86_64-fedora-clang | 1.0.0 | 523.19 | NOTE | |||
r-devel-linux-x86_64-fedora-gcc | 1.0.0 | 571.09 | NOTE | |||
r-prerel-macos-arm64 | 1.0.0 | 155.00 | OK | |||
r-prerel-windows-x86_64 | 1.0.0 | 14.00 | 256.00 | 270.00 | OK | |
r-patched-linux-x86_64 | 1.0.0 | 11.68 | 410.10 | 421.78 | OK | |
r-release-linux-x86_64 | 1.0.0 | 10.53 | 412.72 | 423.25 | OK | |
r-release-macos-arm64 | 1.0.0 | 172.00 | OK | |||
r-release-macos-x86_64 | 1.0.0 | 351.00 | OK | |||
r-release-windows-x86_64 | 1.0.0 | 21.00 | 320.00 | 341.00 | OK | |
r-oldrel-macos-arm64 | 1.0.0 | 149.00 | OK | |||
r-oldrel-windows-x86_64 | 1.0.0 | 23.00 | 326.00 | 349.00 | OK |
Version: 1.0.0
Check: dependencies in R code
Result: NOTE
Namespaces in Imports field not imported from:
‘forcats’ ‘rqPen’ ‘utils’
All declared Imports should be used.
Flavors: r-devel-linux-x86_64-fedora-clang, r-devel-linux-x86_64-fedora-gcc