Last updated on 2025-02-20 19:51:30 CET.
Flavor | Version | Tinstall | Tcheck | Ttotal | Status | Flags |
---|---|---|---|---|---|---|
r-devel-linux-x86_64-debian-clang | 0.1.0 | 2.40 | 27.97 | 30.37 | NOTE | |
r-devel-linux-x86_64-debian-gcc | 0.1.0 | 1.77 | 21.69 | 23.46 | NOTE | |
r-devel-linux-x86_64-fedora-clang | 0.1.0 | 47.27 | OK | |||
r-devel-linux-x86_64-fedora-gcc | 0.1.0 | 58.77 | OK | |||
r-devel-macos-arm64 | 0.1.0 | 29.00 | OK | |||
r-devel-macos-x86_64 | 0.1.0 | 50.00 | OK | |||
r-devel-windows-x86_64 | 0.1.0 | 4.00 | 49.00 | 53.00 | NOTE | |
r-patched-linux-x86_64 | 0.1.0 | 4.67 | 25.98 | 30.65 | OK | |
r-release-linux-x86_64 | 0.1.0 | 1.78 | 25.94 | 27.72 | OK | |
r-release-macos-arm64 | 0.1.0 | 23.00 | OK | |||
r-release-macos-x86_64 | 0.1.0 | 36.00 | OK | |||
r-release-windows-x86_64 | 0.1.0 | 4.00 | 50.00 | 54.00 | OK | |
r-oldrel-macos-arm64 | 0.1.0 | 25.00 | OK | |||
r-oldrel-macos-x86_64 | 0.1.0 | 38.00 | OK | |||
r-oldrel-windows-x86_64 | 0.1.0 | 4.00 | 58.00 | 62.00 | OK |
Version: 0.1.0
Check: Rd cross-references
Result: NOTE
Found the following Rd file(s) with Rd \link{} targets missing package
anchors:
set_key.Rd: setkey
Please provide package anchors for all Rd \link{} targets not in the
package itself and the base packages.
Flavors: r-devel-linux-x86_64-debian-clang, r-devel-linux-x86_64-debian-gcc, r-devel-windows-x86_64