CRAN Package Check Results for Package etrunct

Last updated on 2025-11-22 19:50:29 CET.

Flavor Version Tinstall Tcheck Ttotal Status Flags
r-devel-linux-x86_64-debian-clang 0.1 1.58 19.56 21.14 NOTE
r-devel-linux-x86_64-debian-gcc 0.1 1.32 16.24 17.56 NOTE
r-devel-linux-x86_64-fedora-clang 0.1 31.56 OK
r-devel-linux-x86_64-fedora-gcc 0.1 29.09 OK
r-devel-windows-x86_64 0.1 4.00 37.00 41.00 OK
r-patched-linux-x86_64 0.1 1.47 18.41 19.88 OK
r-release-linux-x86_64 0.1 1.42 18.49 19.91 OK
r-release-macos-arm64 0.1 OK
r-release-macos-x86_64 0.1 2.00 21.00 23.00 OK
r-release-windows-x86_64 0.1 2.00 37.00 39.00 OK
r-oldrel-macos-arm64 0.1 NOTE
r-oldrel-macos-x86_64 0.1 1.00 18.00 19.00 NOTE
r-oldrel-windows-x86_64 0.1 4.00 42.00 46.00 NOTE

Check Details

Version: 0.1
Check: CRAN incoming feasibility
Result: NOTE Maintainer: ‘Matthew Stephens <mstephens@uchicago.edu>’ No Authors@R field in DESCRIPTION. Please add one, modifying Authors@R: person(given = "Matthew", family = "Stephens", role = c("aut", "cre"), email = "mstephens@uchicago.edu") as necessary. Flavors: r-devel-linux-x86_64-debian-clang, r-devel-linux-x86_64-debian-gcc

Version: 0.1
Check: LazyData
Result: NOTE 'LazyData' is specified without a 'data' directory Flavors: r-oldrel-macos-arm64, r-oldrel-macos-x86_64, r-oldrel-windows-x86_64