CRAN Package Check Results for Package estprod

Last updated on 2025-11-23 20:48:46 CET.

Flavor Version Tinstall Tcheck Ttotal Status Flags
r-devel-linux-x86_64-debian-clang 1.2 2.25 33.76 36.01 NOTE
r-devel-linux-x86_64-debian-gcc 1.2 1.91 27.18 29.09 NOTE
r-devel-linux-x86_64-fedora-clang 1.2 54.91 OK
r-devel-linux-x86_64-fedora-gcc 1.2 52.79 OK
r-devel-windows-x86_64 1.2 4.00 57.00 61.00 OK
r-patched-linux-x86_64 1.2 2.08 32.58 34.66 OK
r-release-linux-x86_64 1.2 2.32 32.72 35.04 OK
r-release-macos-arm64 1.2 OK
r-release-macos-x86_64 1.2 2.00 39.00 41.00 OK
r-release-windows-x86_64 1.2 4.00 66.00 70.00 OK
r-oldrel-macos-arm64 1.2 OK
r-oldrel-macos-x86_64 1.2 2.00 31.00 33.00 OK
r-oldrel-windows-x86_64 1.2 5.00 65.00 70.00 OK

Check Details

Version: 1.2
Check: CRAN incoming feasibility
Result: NOTE Maintainer: ‘Rodrigo R Remédio <rremedio@hotmail.com>’ Found the following URLs which should use \doi (with the DOI name only): File ‘wooldridge.Rd’: https://doi.org/10.1016/j.econlet.2009.04.026 Flavors: r-devel-linux-x86_64-debian-clang, r-devel-linux-x86_64-debian-gcc