Last updated on 2024-04-25 20:48:20 CEST.
Flavor | Version | Tinstall | Tcheck | Ttotal | Status | Flags |
---|---|---|---|---|---|---|
r-devel-linux-x86_64-debian-clang | 1.0.4 | 118.01 | 164.05 | 282.06 | NOTE | |
r-devel-linux-x86_64-debian-gcc | 1.0.4 | 107.66 | 123.26 | 230.92 | NOTE | |
r-devel-linux-x86_64-fedora-clang | 1.0.4 | 355.99 | NOTE | |||
r-devel-linux-x86_64-fedora-gcc | 1.0.4 | 401.01 | NOTE | |||
r-devel-windows-x86_64 | 1.0.4 | 86.00 | 142.00 | 228.00 | OK | |
r-patched-linux-x86_64 | 1.0.4 | 124.63 | 162.19 | 286.82 | NOTE | |
r-release-linux-x86_64 | 1.0.4 | 122.59 | 166.15 | 288.74 | NOTE | |
r-release-macos-arm64 | 1.0.4 | 82.00 | NOTE | |||
r-release-macos-x86_64 | 1.0.4 | 302.00 | NOTE | |||
r-release-windows-x86_64 | 1.0.4 | 81.00 | 147.00 | 228.00 | OK | |
r-oldrel-macos-arm64 | 1.0.4 | 111.00 | NOTE | |||
r-oldrel-macos-x86_64 | 1.0.4 | 303.00 | NOTE | |||
r-oldrel-windows-x86_64 | 1.0.4 | 115.00 | 184.00 | 299.00 | OK |
Version: 1.0.4
Check: package dependencies
Result: NOTE
Packages suggested but not available for checking: 'margins', 'prediction'
Flavors: r-devel-linux-x86_64-debian-clang, r-patched-linux-x86_64, r-release-linux-x86_64
Version: 1.0.4
Check: Rd cross-references
Result: NOTE
Unknown package ‘margins’ in Rd xrefs
Flavors: r-devel-linux-x86_64-debian-clang, r-devel-linux-x86_64-debian-gcc, r-devel-linux-x86_64-fedora-clang, r-devel-linux-x86_64-fedora-gcc, r-patched-linux-x86_64, r-release-linux-x86_64
Version: 1.0.4
Check: package dependencies
Result: NOTE
Package suggested but not available for checking: ‘margins’
Flavors: r-devel-linux-x86_64-debian-gcc, r-devel-linux-x86_64-fedora-clang, r-devel-linux-x86_64-fedora-gcc
Version: 1.0.4
Check: installed package size
Result: NOTE
installed size is 39.9Mb
sub-directories of 1Mb or more:
libs 39.5Mb
Flavors: r-release-macos-arm64, r-release-macos-x86_64, r-oldrel-macos-arm64, r-oldrel-macos-x86_64