CRAN Package Check Results for Package estadistica

Last updated on 2022-10-03 21:53:36 CEST.

Flavor Version Tinstall Tcheck Ttotal Status Flags
r-devel-linux-x86_64-debian-clang 0.2.2 21.02 136.17 157.19 OK
r-devel-linux-x86_64-debian-gcc 0.2.2 14.66 97.85 112.51 OK
r-devel-linux-x86_64-fedora-clang 0.2.2 201.12 NOTE
r-devel-linux-x86_64-fedora-gcc 0.2.2 190.51 NOTE
r-devel-windows-x86_64 0.2.2 131.00 169.00 300.00 OK
r-patched-linux-x86_64 0.2.2 15.40 123.83 139.23 OK
r-release-linux-x86_64 0.2.2 14.37 122.06 136.43 OK
r-release-macos-arm64 0.2.2 49.00 NOTE
r-release-macos-x86_64 0.2.2 68.00 NOTE
r-release-windows-x86_64 0.2.2 118.00 161.00 279.00 OK
r-oldrel-macos-arm64 0.2.2 51.00 NOTE
r-oldrel-macos-x86_64 0.2.2 70.00 NOTE
r-oldrel-windows-ix86+x86_64 0.2.2 42.00 149.00 191.00 OK

Check Details

Version: 0.2.2
Check: data for non-ASCII characters
Result: NOTE
     Note: found 3 marked UTF-8 strings
Flavors: r-devel-linux-x86_64-fedora-clang, r-devel-linux-x86_64-fedora-gcc, r-release-macos-arm64, r-release-macos-x86_64, r-oldrel-macos-arm64, r-oldrel-macos-x86_64