Last updated on 2025-11-17 19:49:28 CET.
| Flavor | Version | Tinstall | Tcheck | Ttotal | Status | Flags |
|---|---|---|---|---|---|---|
| r-devel-linux-x86_64-debian-clang | 1.11.1 | 99.02 | 335.67 | 434.69 | WARN | |
| r-devel-linux-x86_64-debian-gcc | 1.11.1 | 65.52 | 262.33 | 327.85 | WARN | |
| r-devel-linux-x86_64-fedora-clang | 1.11.3 | 323.00 | 496.08 | 819.08 | OK | |
| r-devel-linux-x86_64-fedora-gcc | 1.11.3 | 56.00 | 396.33 | 452.33 | OK | |
| r-devel-windows-x86_64 | 1.11.1 | 138.00 | 385.00 | 523.00 | WARN | |
| r-patched-linux-x86_64 | 1.11.1 | 103.59 | 364.57 | 468.16 | WARN | |
| r-release-linux-x86_64 | 1.11.1 | 101.82 | 363.99 | 465.81 | WARN | |
| r-release-macos-arm64 | 1.11.1 | 56.00 | 233.00 | 289.00 | OK | |
| r-release-macos-x86_64 | 1.11.3 | 73.00 | 406.00 | 479.00 | OK | |
| r-release-windows-x86_64 | 1.11.1 | 117.00 | 364.00 | 481.00 | WARN | |
| r-oldrel-macos-arm64 | 1.11.1 | 50.00 | 279.00 | 329.00 | NOTE | |
| r-oldrel-macos-x86_64 | 1.11.3 | 71.00 | 453.00 | 524.00 | NOTE | |
| r-oldrel-windows-x86_64 | 1.11.1 | 140.00 | 466.00 | 606.00 | WARN |
Version: 1.11.1
Check: Rd files
Result: WARN
prepare_Rd: Undefined bibtex string name: year
Flavors: r-devel-linux-x86_64-debian-clang, r-devel-linux-x86_64-debian-gcc, r-devel-windows-x86_64, r-patched-linux-x86_64, r-release-linux-x86_64, r-release-windows-x86_64, r-oldrel-windows-x86_64
Version: 1.11.1
Check: HTML version of manual
Result: NOTE
Found the following HTML validation problems:
espadon.html:3477:1 (display.DVH.Rd:6): Warning: <script> anchor "MathJax-script" already defined
espadon.html:3682:1 (display.dV_dx.Rd:6): Warning: <script> anchor "MathJax-script" already defined
espadon.html:7421:1 (get.volume.from.bin.Rd:6): Warning: <script> anchor "MathJax-script" already defined
espadon.html:7483:1 (get.volume.from.roi.Rd:6): Warning: <script> anchor "MathJax-script" already defined
espadon.html:8272:1 (histo.vol.Rd:6): Warning: <script> anchor "MathJax-script" already defined
espadon.html:10604:1 (rt.chi.index.Rd:53): Warning: <script> anchor "MathJax-script" already defined
espadon.html:10778:1 (rt.gamma.index.Rd:55): Warning: <script> anchor "MathJax-script" already defined
espadon.html:11061:1 (rt.indices.from.roi.Rd:6): Warning: <script> anchor "MathJax-script" already defined
espadon.html:11889:1 (sp.similarity.from.bin.Rd:6): Warning: <script> anchor "MathJax-script" already defined
espadon.html:11983:1 (sp.similarity.from.mesh.Rd:6): Warning: <script> anchor "MathJax-script" already defined
espadon.html:12103:1 (struct.clustering.Rd:6): Warning: <script> anchor "MathJax-script" already defined
Flavor: r-devel-linux-x86_64-debian-gcc
Version: 1.11.1
Check: installed package size
Result: NOTE
installed size is 5.6Mb
sub-directories of 1Mb or more:
R 2.1Mb
libs 2.5Mb
Flavor: r-oldrel-macos-arm64
Version: 1.11.3
Check: installed package size
Result: NOTE
installed size is 5.6Mb
sub-directories of 1Mb or more:
R 2.1Mb
libs 2.5Mb
Flavor: r-oldrel-macos-x86_64