CRAN Package Check Results for Package esem

Last updated on 2025-11-22 19:50:29 CET.

Flavor Version Tinstall Tcheck Ttotal Status Flags
r-devel-linux-x86_64-debian-clang 2.0.0 4.26 44.58 48.84 NOTE
r-devel-linux-x86_64-debian-gcc 2.0.0 3.22 33.55 36.77 NOTE
r-devel-linux-x86_64-fedora-clang 2.0.0 75.88 NOTE
r-devel-linux-x86_64-fedora-gcc 2.0.0 82.98 NOTE
r-devel-windows-x86_64 2.0.0 9.00 65.00 74.00 NOTE
r-patched-linux-x86_64 2.0.0 4.00 41.68 45.68 NOTE
r-release-linux-x86_64 2.0.0 3.27 41.74 45.01 NOTE
r-release-macos-arm64 2.0.0 NOTE
r-release-macos-x86_64 2.0.0 4.00 55.00 59.00 NOTE
r-release-windows-x86_64 2.0.0 6.00 77.00 83.00 NOTE
r-oldrel-macos-arm64 2.0.0 OK
r-oldrel-macos-x86_64 2.0.0 3.00 43.00 46.00 OK
r-oldrel-windows-x86_64 2.0.0 7.00 76.00 83.00 OK

Check Details

Version: 2.0.0
Check: DESCRIPTION meta-information
Result: NOTE Missing dependency on R >= 4.1.0 because package code uses the pipe |> or function shorthand \(...) syntax added in R 4.1.0. File(s) using such syntax: ‘esem_cfa_syntax.R’ Flavors: r-devel-linux-x86_64-debian-clang, r-devel-linux-x86_64-debian-gcc, r-devel-linux-x86_64-fedora-clang, r-devel-linux-x86_64-fedora-gcc, r-devel-windows-x86_64, r-patched-linux-x86_64, r-release-linux-x86_64, r-release-macos-arm64, r-release-macos-x86_64, r-release-windows-x86_64