Last updated on 2024-03-28 19:48:30 CET.
Flavor | Version | Tinstall | Tcheck | Ttotal | Status | Flags |
---|---|---|---|---|---|---|
r-devel-linux-x86_64-debian-clang | 0.1.8 | 41.65 | 949.63 | 991.28 | OK | |
r-devel-linux-x86_64-debian-gcc | 0.1.8 | 35.32 | 722.67 | 757.99 | OK | |
r-devel-linux-x86_64-fedora-clang | 0.1.8 | 1188.12 | NOTE | |||
r-devel-linux-x86_64-fedora-gcc | 0.1.8 | 1172.43 | OK | |||
r-devel-windows-x86_64 | 0.1.8 | 30.00 | 680.00 | 710.00 | NOTE | |
r-patched-linux-x86_64 | 0.1.8 | 36.65 | 991.30 | 1027.95 | OK | |
r-release-linux-x86_64 | 0.1.8 | 29.97 | 958.38 | 988.35 | OK | |
r-release-macos-arm64 | 0.1.8 | 298.00 | NOTE | |||
r-release-macos-x86_64 | 0.1.8 | 726.00 | NOTE | |||
r-release-windows-x86_64 | 0.1.8 | 39.00 | 921.00 | 960.00 | NOTE | |
r-oldrel-macos-arm64 | 0.1.8 | 276.00 | NOTE | |||
r-oldrel-windows-x86_64 | 0.1.8 | 42.00 | 888.00 | 930.00 | NOTE |
Version: 0.1.8
Check: installed package size
Result: NOTE
installed size is 14.1Mb
sub-directories of 1Mb or more:
doc 13.3Mb
Flavors: r-devel-linux-x86_64-fedora-clang, r-devel-windows-x86_64, r-release-macos-arm64, r-release-macos-x86_64, r-release-windows-x86_64, r-oldrel-macos-arm64, r-oldrel-windows-x86_64