Last updated on 2023-12-05 20:49:30 CET.
Flavor | Version | Tinstall | Tcheck | Ttotal | Status | Flags |
---|---|---|---|---|---|---|
r-devel-linux-x86_64-debian-clang | 0.2.0 | 31.83 | 514.70 | 546.53 | NOTE | |
r-devel-linux-x86_64-debian-gcc | 0.2.0 | 25.11 | 379.84 | 404.95 | NOTE | |
r-devel-linux-x86_64-fedora-clang | 0.2.0 | 716.03 | NOTE | |||
r-devel-linux-x86_64-fedora-gcc | 0.2.0 | 670.60 | NOTE | |||
r-devel-windows-x86_64 | 0.2.0 | 30.00 | 355.00 | 385.00 | NOTE | |
r-patched-linux-x86_64 | 0.2.0 | 43.12 | 485.46 | 528.58 | OK | |
r-release-linux-x86_64 | 0.2.0 | 33.48 | 493.78 | 527.26 | OK | |
r-release-macos-arm64 | 0.2.0 | 220.00 | OK | |||
r-release-macos-x86_64 | 0.2.0 | 394.00 | OK | |||
r-release-windows-x86_64 | 0.2.0 | 39.00 | 460.00 | 499.00 | OK | |
r-oldrel-macos-arm64 | 0.2.0 | 211.00 | OK | |||
r-oldrel-macos-x86_64 | 0.2.0 | 309.00 | OK | |||
r-oldrel-windows-x86_64 | 0.2.0 | 40.00 | 457.00 | 497.00 | OK |
Version: 0.2.0
Check: Rd files
Result: NOTE
checkRd: (-1) Lazega.Rd:58: Lost braces; missing escapes or markup?
58 | \item{\code{friendship}}{(logical) whether \eqn{i} considers {j} a friend outside of work.}
| ^
Flavors: r-devel-linux-x86_64-debian-clang, r-devel-linux-x86_64-debian-gcc
Version: 0.2.0
Check: Rd \usage sections
Result: NOTE
Documented arguments not in \usage in Rd file 'subnetwork_templates.Rd':
‘nams.vattr’
Functions with \usage entries need to have the appropriate \alias
entries, and all their arguments documented.
The \usage entries must correspond to syntactically valid R code.
See chapter ‘Writing R documentation files’ in the ‘Writing R
Extensions’ manual.
Flavors: r-devel-linux-x86_64-debian-clang, r-devel-linux-x86_64-debian-gcc, r-devel-linux-x86_64-fedora-clang, r-devel-linux-x86_64-fedora-gcc, r-devel-windows-x86_64