Last updated on 2024-03-28 19:48:30 CET.
Flavor | Version | Tinstall | Tcheck | Ttotal | Status | Flags |
---|---|---|---|---|---|---|
r-devel-linux-x86_64-debian-clang | 2.0.1 | 19.66 | 195.86 | 215.52 | OK | |
r-devel-linux-x86_64-debian-gcc | 2.0.1 | 18.71 | 144.14 | 162.85 | OK | |
r-devel-linux-x86_64-fedora-clang | 2.0.1 | 208.96 | NOTE | |||
r-devel-linux-x86_64-fedora-gcc | 2.0.1 | 205.43 | NOTE | |||
r-devel-windows-x86_64 | 2.0.1 | 20.00 | 170.00 | 190.00 | OK | |
r-patched-linux-x86_64 | 2.0.1 | 23.52 | 184.08 | 207.60 | OK | |
r-release-linux-x86_64 | 2.0.1 | 18.89 | 190.37 | 209.26 | OK | |
r-release-macos-arm64 | 2.0.1 | 71.00 | NOTE | |||
r-release-macos-x86_64 | 2.0.1 | 112.00 | NOTE | |||
r-release-windows-x86_64 | 2.0.1 | 26.00 | 196.00 | 222.00 | OK | |
r-oldrel-macos-arm64 | 2.0.1 | 67.00 | NOTE | |||
r-oldrel-windows-x86_64 | 2.0.1 | 28.00 | 194.00 | 222.00 | OK |
Version: 2.0.1
Check: package dependencies
Result: NOTE
Package suggested but not available for checking: ‘gcspikelite’
Flavors: r-devel-linux-x86_64-fedora-clang, r-devel-linux-x86_64-fedora-gcc, r-oldrel-macos-arm64
Version: 2.0.1
Check: package dependencies
Result: NOTE
Packages suggested but not available for checking: 'mzR', 'gcspikelite'
Flavors: r-release-macos-arm64, r-release-macos-x86_64