CRAN Package Check Results for Package equate

Last updated on 2025-11-23 20:48:46 CET.

Flavor Version Tinstall Tcheck Ttotal Status Flags
r-devel-linux-x86_64-debian-clang 2.0.8 4.69 76.70 81.39 NOTE
r-devel-linux-x86_64-debian-gcc 2.0.8 3.20 60.41 63.61 NOTE
r-devel-linux-x86_64-fedora-clang 2.0.8 11.00 127.37 138.37 NOTE
r-devel-linux-x86_64-fedora-gcc 2.0.8 146.66 NOTE
r-devel-windows-x86_64 2.0.8 10.00 90.00 100.00 NOTE
r-patched-linux-x86_64 2.0.8 4.75 78.85 83.60 NOTE
r-release-linux-x86_64 2.0.8 4.78 79.59 84.37 NOTE
r-release-macos-arm64 2.0.8 NOTE
r-release-macos-x86_64 2.0.8 4.00 87.00 91.00 NOTE
r-release-windows-x86_64 2.0.8 6.00 107.00 113.00 NOTE
r-oldrel-macos-arm64 2.0.8 NOTE
r-oldrel-macos-x86_64 2.0.8 4.00 59.00 63.00 NOTE
r-oldrel-windows-x86_64 2.0.8 6.00 107.00 113.00 NOTE

Check Details

Version: 2.0.8
Check: CRAN incoming feasibility
Result: NOTE Maintainer: ‘Anthony Albano <tony.d.albano@gmail.com>’ No Authors@R field in DESCRIPTION. Please add one, modifying Authors@R: person(given = "Anthony", family = "Albano", role = c("aut", "cre"), email = "tony.d.albano@gmail.com") as necessary. Flavors: r-devel-linux-x86_64-debian-clang, r-devel-linux-x86_64-debian-gcc

Version: 2.0.8
Check: package subdirectories
Result: NOTE Problems with news in ‘NEWS.md’: No news entries found. Flavors: r-devel-linux-x86_64-debian-clang, r-devel-linux-x86_64-debian-gcc, r-devel-linux-x86_64-fedora-clang, r-devel-linux-x86_64-fedora-gcc, r-devel-windows-x86_64, r-patched-linux-x86_64, r-release-linux-x86_64, r-release-macos-arm64, r-release-macos-x86_64, r-release-windows-x86_64, r-oldrel-macos-arm64, r-oldrel-macos-x86_64, r-oldrel-windows-x86_64