Last updated on 2024-03-27 19:56:50 CET.
Flavor | Version | Tinstall | Tcheck | Ttotal | Status | Flags |
---|---|---|---|---|---|---|
r-devel-linux-x86_64-debian-clang | 0.6.1 | 3.58 | 50.56 | 54.14 | OK | |
r-devel-linux-x86_64-debian-gcc | 0.6.1 | 3.39 | 38.92 | 42.31 | OK | |
r-devel-linux-x86_64-fedora-clang | 0.6.1 | 69.75 | NOTE | |||
r-devel-linux-x86_64-fedora-gcc | 0.6.1 | 79.24 | OK | |||
r-devel-windows-x86_64 | 0.6.1 | 5.00 | 64.00 | 69.00 | OK | |
r-patched-linux-x86_64 | 0.6.1 | 4.66 | 48.27 | 52.93 | OK | |
r-release-linux-x86_64 | 0.6.1 | 4.86 | 48.99 | 53.85 | OK | |
r-release-macos-arm64 | 0.6.1 | 30.00 | OK | |||
r-release-macos-x86_64 | 0.6.1 | 48.00 | NOTE | |||
r-release-windows-x86_64 | 0.6.1 | 5.00 | 67.00 | 72.00 | OK | |
r-oldrel-macos-arm64 | 0.6.1 | 24.00 | OK | |||
r-oldrel-windows-x86_64 | 0.6.1 | 6.00 | 78.00 | 84.00 | OK |
Version: 0.6.1
Check: Rd cross-references
Result: NOTE
Undeclared package ‘OpenMx’ in Rd xrefs
Flavor: r-devel-linux-x86_64-fedora-clang
Version: 0.6.1
Check: package dependencies
Result: NOTE
Package suggested but not available for checking: ‘semTools’
Flavor: r-release-macos-x86_64
Version: 0.6.1
Check: Rd cross-references
Result: NOTE
Packages unavailable to check Rd xrefs: ‘OpenMx’, ‘semTools’
Flavor: r-release-macos-x86_64